000
CDUS41 KALY 020624
CLIALB

CLIMATE REPORT
NATIONAL WEATHER SERVICE ALBANY NY
224 AM EDT SUN OCT 02 2022

...................................

...THE ALBANY NY CLIMATE SUMMARY FOR OCTOBER 1 2022...

CLIMATE NORMAL PERIOD: 1991 TO 2020
CLIMATE RECORD PERIOD: 1874 TO 2022


WEATHER ITEM   OBSERVED TIME   RECORD YEAR NORMAL DEPARTURE LAST
                VALUE   (LST)  VALUE       VALUE  FROM      YEAR
                                                  NORMAL
...................................................................
TEMPERATURE (F)
 YESTERDAY
  MAXIMUM         69   2:35 PM  90    1927  68      1       65
  MINIMUM         46   2:36 AM  28    1993  46      0       41
  AVERAGE         58                        57      1       53

PRECIPITATION (IN)
  YESTERDAY        0.00          3.04 2010   0.13  -0.13     0.00
  MONTH TO DATE    0.00                      0.13  -0.13     0.00
  SINCE SEP 1      5.45                      3.86   1.59     5.74
  SINCE JAN 1     26.97                     30.71  -3.74    33.24

SNOWFALL (IN)
  YESTERDAY        0.0           T    1946   0.0    0.0      0.0
  MONTH TO DATE    0.0                       0.0    0.0      0.0
  SINCE SEP 1      0.0                       0.0    0.0      0.0
  SINCE JUL 1      0.0                       0.0    0.0      0.0
  SNOW DEPTH      MM

DEGREE DAYS
 HEATING
  YESTERDAY        7                         8     -1       12
  MONTH TO DATE    7                         8     -1       12
  SINCE SEP 1     97                       123    -26      121
  SINCE JUL 1     97                       136    -39      148

 COOLING
  YESTERDAY        0                         1     -1        0
  MONTH TO DATE    0                         1     -1        0
  SINCE SEP 1     64                        71     -7       29
  SINCE JAN 1    932                       715    217      526
...................................................................


WIND (MPH)
  HIGHEST WIND SPEED    17   HIGHEST WIND DIRECTION     N (10)
  HIGHEST GUST SPEED    25   HIGHEST GUST DIRECTION     N (360)
  AVERAGE WIND SPEED     6.7


SKY COVER
  AVERAGE SKY COVER 0.8


RELATIVE HUMIDITY (PERCENT)
 HIGHEST    96          12:00 AM
 LOWEST     45           2:00 PM
 AVERAGE    71

..........................................................


THE ALBANY NY CLIMATE NORMALS FOR TODAY
                         NORMAL    RECORD    YEAR
 MAXIMUM TEMPERATURE (F)   68        85      1927
 MINIMUM TEMPERATURE (F)   46        30      1972


SUNRISE AND SUNSET
OCTOBER  2 2022.......SUNRISE   6:53 AM EDT   SUNSET   6:35 PM EDT
OCTOBER  3 2022.......SUNRISE   6:55 AM EDT   SUNSET   6:33 PM EDT


-  INDICATES NEGATIVE NUMBERS.
R  INDICATES RECORD WAS SET OR TIED.
MM INDICATES DATA IS MISSING.
T  INDICATES TRACE AMOUNT.




$$
