000
CDUS43 KDMX 060630
CLIALO

CLIMATE REPORT
NATIONAL WEATHER SERVICE DES MOINES IA
130 AM CDT THU OCT 06 2022

...................................

...THE WATERLOO IA CLIMATE SUMMARY FOR OCTOBER 5 2022...

CLIMATE NORMAL PERIOD 1991 TO 2020
CLIMATE RECORD PERIOD 1895 TO 2022


WEATHER ITEM   OBSERVED TIME   RECORD YEAR NORMAL DEPARTURE LAST
                VALUE   (LST)  VALUE       VALUE  FROM      YEAR
                                                  NORMAL
...................................................................
TEMPERATURE (F)
 YESTERDAY
  MAXIMUM         67    326 PM  93    1963  69     -2       72
  MINIMUM         48   1148 PM  24    1988  45      3       51
  AVERAGE         58                        57      1       62

PRECIPITATION (IN)
  YESTERDAY        0.26          1.61 2019   0.10   0.16     0.00
  MONTH TO DATE    0.26                      0.52  -0.26     0.10
  SINCE SEP 1      1.39                      3.66  -2.27     1.41
  SINCE JAN 1     28.73                     30.76  -2.03    18.57

SNOWFALL (IN)
  YESTERDAY        0.0           T    1991   0.0    0.0      0.0
  MONTH TO DATE    0.0                       0.0    0.0      0.0
  SINCE SEP 1      0.0                       0.0    0.0      0.0
  SINCE JUL 1      0.0                       0.0    0.0      0.0
  SNOW DEPTH       0

DEGREE DAYS
 HEATING
  YESTERDAY        7                         9     -2        3
  MONTH TO DATE   23                        42    -19        4
  SINCE SEP 1    120                       151    -31       34
  SINCE JUL 1    120                       164    -44       34

 COOLING
  YESTERDAY        0                         1     -1        0
  MONTH TO DATE    0                         5     -5       14
  SINCE SEP 1    112                       102     10      115
  SINCE JAN 1   1018                       908    110     1152
...................................................................


WIND (MPH)
  HIGHEST WIND SPEED    14   HIGHEST WIND DIRECTION    SW (240)
  HIGHEST GUST SPEED    19   HIGHEST GUST DIRECTION    SW (240)
  AVERAGE WIND SPEED     3.5


WEATHER CONDITIONS
THE FOLLOWING WEATHER WAS RECORDED YESTERDAY.
  THUNDERSTORM
  RAIN
  LIGHT RAIN
  FOG
  FOG W/VISIBILITY <= 1/4 MILE


RELATIVE HUMIDITY (PERCENT)
 HIGHEST    97           600 PM
 LOWEST     49          1200 AM
 AVERAGE    73

..........................................................


THE WATERLOO IA CLIMATE NORMALS FOR TODAY
                         NORMAL    RECORD    YEAR
 MAXIMUM TEMPERATURE (F)   68        95      1963
 MINIMUM TEMPERATURE (F)   44        18      1935


SUNRISE AND SUNSET
OCTOBER  6 2022.......SUNRISE   712 AM CDT   SUNSET   642 PM CDT
OCTOBER  7 2022.......SUNRISE   714 AM CDT   SUNSET   641 PM CDT


-  INDICATES NEGATIVE NUMBERS.
R  INDICATES RECORD WAS SET OR TIED.
MM INDICATES DATA IS MISSING.
T  INDICATES TRACE AMOUNT.




$$
