000
CDUS45 KPUB 291012
CLIALS

CLIMATE REPORT
NATIONAL WEATHER SERVICE
412 AM MDT THU SEP 29 2022

...................................

...THE ALAMOSA CO CLIMATE SUMMARY FOR SEPTEMBER 28 2022...

CLIMATE NORMAL PERIOD 1991 TO 2020
CLIMATE RECORD PERIOD 1932 TO 2022


WEATHER ITEM   OBSERVED TIME   RECORD YEAR NORMAL DEPARTURE LAST
                VALUE   (LST)  VALUE       VALUE  FROM      YEAR
                                                  NORMAL
...................................................................
TEMPERATURE (F)
 YESTERDAY
  MAXIMUM         73   1247 PM  83    2010  70      3       67
  MINIMUM         37    632 AM  19    1974  32      5       35
  AVERAGE         55                        51      4       51

PRECIPITATION (IN)
  YESTERDAY        T             0.69 1990   0.02  -0.02     0.00
  MONTH TO DATE    0.53                      0.93  -0.40     0.32
  SINCE JAN 1      9.19                      5.97   3.22     5.22

SNOWFALL (IN)
  YESTERDAY        0.0           0.0  2002  MM     MM        0.0
  MONTH TO DATE    0.0                       0.0    0.0      0.0
  SINCE JUL 1      0.0                      MM     MM        0.0
  SNOW DEPTH       0

DEGREE DAYS
 HEATING
  YESTERDAY       10                        14     -4       14
  MONTH TO DATE  133                       244   -111      162
  SINCE JUL 1    190                       352   -162      194

 COOLING
  YESTERDAY        0                         0      0        0
  MONTH TO DATE    6                         0      6        0
  SINCE JAN 1    134                        70     64      155
...................................................................


WIND (MPH)
  HIGHEST WIND SPEED    22   HIGHEST WIND DIRECTION    SW (220)
  HIGHEST GUST SPEED    28   HIGHEST GUST DIRECTION    SW (220)
  AVERAGE WIND SPEED     5.3


SKY COVER
  POSSIBLE SUNSHINE  MM
  AVERAGE SKY COVER 0.4


WEATHER CONDITIONS
THE FOLLOWING WEATHER WAS RECORDED YESTERDAY.
  THUNDERSTORM
  LIGHT RAIN


RELATIVE HUMIDITY (PERCENT)
 HIGHEST    97           500 AM
 LOWEST     26           300 PM
 AVERAGE    62

..........................................................


THE ALAMOSA CO CLIMATE NORMALS FOR TODAY
                         NORMAL    RECORD    YEAR
 MAXIMUM TEMPERATURE (F)   70        85      2010
 MINIMUM TEMPERATURE (F)   32        15      1999


SUNRISE AND SUNSET
SEPTEMBER 29 2022.....SUNRISE   657 AM MDT   SUNSET   649 PM MDT
SEPTEMBER 30 2022.....SUNRISE   658 AM MDT   SUNSET   648 PM MDT


-  INDICATES NEGATIVE NUMBERS.
R  INDICATES RECORD WAS SET OR TIED.
MM INDICATES DATA IS MISSING.
T  INDICATES TRACE AMOUNT.




$$
