000
CDUS46 KPDT 260828
CLIALW

CLIMATE REPORT
NATIONAL WEATHER SERVICE PENDLETON, OR
128 AM PDT MON SEP 26 2022

...................................

...THE WALLA WALLA WA CLIMATE SUMMARY FOR SEPTEMBER 25 2022...

CLIMATE NORMAL PERIOD 1991 TO 2020
CLIMATE RECORD PERIOD 1949 TO 2022


WEATHER ITEM   OBSERVED TIME   RECORD YEAR NORMAL DEPARTURE LAST
                VALUE   (LST)  VALUE       VALUE  FROM      YEAR
                                                  NORMAL
...................................................................
TEMPERATURE (F)
 YESTERDAY
  MAXIMUM         82    318 PM  99    1952  75      7       85
  MINIMUM         50    542 AM  37    1970  51     -1       54
  AVERAGE         66                        63      3       70

PRECIPITATION (IN)
  YESTERDAY        0.00          0.62 1982   0.03  -0.03     0.00
  MONTH TO DATE    0.06                      0.50  -0.44     0.50
  SINCE OCT 1     20.87                     18.60   2.27    11.20
  SINCE JAN 1     14.80                     12.46   2.34     5.38

DEGREE DAYS
 HEATING
  YESTERDAY        0                         4     -4        0
  MONTH TO DATE   18                        47    -29       34
  SINCE SEP 1     18                        47    -29       34
  SINCE JUL 1     18                        55    -37       40

 COOLING
  YESTERDAY        1                         2     -1        5
  MONTH TO DATE  101                        97      4       67
  SINCE SEP 1    101                        97      4       67
  SINCE JAN 1    991                       924     67     1205
...................................................................


WIND (MPH)
  HIGHEST WIND SPEED    10   HIGHEST WIND DIRECTION     W (270)
  HIGHEST GUST SPEED    14   HIGHEST GUST DIRECTION     W (260)
  AVERAGE WIND SPEED     4.4


SKY COVER
  POSSIBLE SUNSHINE  MM
  AVERAGE SKY COVER 0.0


WEATHER CONDITIONS
THE FOLLOWING WEATHER WAS RECORDED YESTERDAY.
  NO SIGNIFICANT WEATHER WAS OBSERVED.


RELATIVE HUMIDITY (PERCENT)
 HIGHEST    63           600 AM
 LOWEST     26           300 PM
 AVERAGE    45

..........................................................


THE WALLA WALLA WA CLIMATE NORMALS FOR TODAY
                         NORMAL    RECORD    YEAR
 MAXIMUM TEMPERATURE (F)   74        92      1952
 MINIMUM TEMPERATURE (F)   51        38      1972


SUNRISE AND SUNSET
SEPTEMBER 26 2022.....SUNRISE   645 AM PDT   SUNSET   643 PM PDT
SEPTEMBER 27 2022.....SUNRISE   647 AM PDT   SUNSET   641 PM PDT


-  INDICATES NEGATIVE NUMBERS.
R  INDICATES RECORD WAS SET OR TIED.
MM INDICATES DATA IS MISSING.
T  INDICATES TRACE AMOUNT.




$$
