000
CDUS44 KAMA 061413
CLIAMA

CLIMATE REPORT
NATIONAL WEATHER SERVICE AMARILLO
913 AM CDT THU OCT 06 2022

...................................

...THE AMARILLO CLIMATE SUMMARY FOR OCTOBER 6 2022...
VALID AS OF 0900 AM LOCAL TIME.

CLIMATE NORMAL PERIOD: 1991 TO 2020
CLIMATE RECORD PERIOD: 1892 TO 2022


WEATHER ITEM   OBSERVED TIME   RECORD YEAR NORMAL DEPARTURE LAST
                VALUE   (LST)  VALUE       VALUE  FROM      YEAR
                                                  NORMAL
...................................................................
TEMPERATURE (F)
 TODAY
  MINIMUM         57   7:59 AM  34    2001  50      7       48

PRECIPITATION (IN)
  TODAY            0.14          1.69 1901   0.06   0.08     0.00
  MONTH TO DATE    0.18                      0.41  -0.23     0.52
  SINCE SEP 1      1.75                      2.10  -0.35     1.28
  SINCE JAN 1     13.34                     16.86  -3.52    14.90

SNOWFALL (IN)
  TODAY            0.0           0.0    MM   0.0    0.0      0.0
  MONTH TO DATE    0.0                       0.0    0.0      0.0
  SINCE SEP 1      T                         0.0    0.0      0.0
  SINCE JUL 1      T                         0.0    0.0      0.0
  SNOW DEPTH       0

...................................................................


WIND (MPH)
  RESULTANT WIND SPEED   5   RESULTANT WIND DIRECTION   N (350)
  HIGHEST WIND SPEED    14   HIGHEST WIND DIRECTION     N (360)
  HIGHEST GUST SPEED    17   HIGHEST GUST DIRECTION     N (360)
  AVERAGE WIND SPEED     5.4


SKY COVER
  AVERAGE SKY COVER 1.0


WEATHER CONDITIONS
THE FOLLOWING WEATHER WAS RECORDED TODAY.
  LIGHT RAIN
  FOG


RELATIVE HUMIDITY (PERCENT)
 HIGHEST    96           8:00 AM
 LOWEST     78           1:00 AM
 AVERAGE    87

..........................................................


THE AMARILLO CLIMATE NORMALS FOR TOMORROW
                         NORMAL    RECORD    YEAR
 MAXIMUM TEMPERATURE (F)   76        94      1979
 MINIMUM TEMPERATURE (F)   49        29      1952


SUNRISE AND SUNSET
OCTOBER  6 2022.......SUNRISE   7:46 AM CDT   SUNSET   7:24 PM CDT
OCTOBER  7 2022.......SUNRISE   7:46 AM CDT   SUNSET   7:22 PM CDT


-  INDICATES NEGATIVE NUMBERS.
R  INDICATES RECORD WAS SET OR TIED.
MM INDICATES DATA IS MISSING.
T  INDICATES TRACE AMOUNT.




$$
