000
CDUS42 KJAX 020536
CLIAMG

CLIMATE REPORT
NATIONAL WEATHER SERVICE JACKSONVILLE FL
136 AM EDT SUN OCT 02 2022

...................................

...THE ALMA CLIMATE SUMMARY FOR OCTOBER 1 2022...

CLIMATE NORMAL PERIOD: 1991 TO 2020
CLIMATE RECORD PERIOD: 1938 TO 2022


WEATHER ITEM   OBSERVED TIME   RECORD YEAR NORMAL DEPARTURE LAST
                VALUE   (LST)  VALUE       VALUE  FROM      YEAR
                                                  NORMAL
...................................................................
TEMPERATURE (F)
 YESTERDAY
  MAXIMUM         86   3:48 PM  93    2019  85      1       86
  MINIMUM         56   6:27 AM  42    1967  63     -7       61
  AVERAGE         71                        74     -3       74

PRECIPITATION (IN)
  YESTERDAY        0.00          2.51 2015   0.11  -0.11     0.00
  MONTH TO DATE    0.00                      0.11  -0.11     0.00
  SINCE SEP 1      2.98                      3.91  -0.93     3.46
  SINCE JAN 1     29.85                     36.74  -6.89    49.10

SNOWFALL (IN)
  YESTERDAY        0.0           0.0    MM

DEGREE DAYS
 HEATING
  YESTERDAY        0                         0      0        0
  MONTH TO DATE    0                         0      0        0
  SINCE SEP 1      0                         1     -1        0
  SINCE JUL 1      0                         1     -1        0

 COOLING
  YESTERDAY        6                         9     -3        9
  MONTH TO DATE    6                         9     -3        9
  SINCE SEP 1    389                       385      4      342
  SINCE JAN 1   2539                      2347    192     2162
...................................................................


WIND (MPH)
  HIGHEST WIND SPEED    18   HIGHEST WIND DIRECTION     W (250)
  HIGHEST GUST SPEED    29   HIGHEST GUST DIRECTION     W (270)
  AVERAGE WIND SPEED     5.9


SKY COVER
  AVERAGE SKY COVER 0.2


WEATHER CONDITIONS
THE FOLLOWING WEATHER WAS RECORDED YESTERDAY.
  NO SIGNIFICANT WEATHER WAS OBSERVED.


RELATIVE HUMIDITY (PERCENT)
 HIGHEST    90           1:00 AM
 LOWEST     30          12:00 PM
 AVERAGE    60

..........................................................


THE ALMA CLIMATE NORMALS FOR TODAY
                         NORMAL    RECORD    YEAR
 MAXIMUM TEMPERATURE (F)   84        95      1986
 MINIMUM TEMPERATURE (F)   63        44      2011


SUNRISE AND SUNSET
OCTOBER  2 2022.......SUNRISE   7:24 AM EDT   SUNSET   7:14 PM EDT
OCTOBER  3 2022.......SUNRISE   7:25 AM EDT   SUNSET   7:12 PM EDT


-  INDICATES NEGATIVE NUMBERS.
R  INDICATES RECORD WAS SET OR TIED.
MM INDICATES DATA IS MISSING.
T  INDICATES TRACE AMOUNT.




$$
