000
CDUS44 KBMX 052118
CLIANB

CLIMATE REPORT
NATIONAL WEATHER SERVICE BIRMINGHAM AL
418 PM CDT WED OCT 05 2022

...................................

...THE ANNISTON CLIMATE SUMMARY FOR OCTOBER 5 2022...
VALID AS OF 0400 PM LOCAL TIME.

CLIMATE NORMAL PERIOD 1991 TO 2020
CLIMATE RECORD PERIOD 1903 TO 2022


WEATHER ITEM   OBSERVED TIME   RECORD YEAR NORMAL DEPARTURE LAST
                VALUE   (LST)  VALUE       VALUE  FROM      YEAR
                                                  NORMAL
...................................................................
TEMPERATURE (F)
 TODAY
  MAXIMUM         80    259 PM  99    1954  80      0       79
  MINIMUM         43    603 AM  37    1968  57    -14       68
                                      2010
  AVERAGE         62

PRECIPITATION (IN)
  TODAY            0.00          3.03 1995   0.11  -0.11      T
  MONTH TO DATE    0.00                      0.54  -0.54     1.03
  SINCE SEP 1      1.84                      3.65  -1.81     2.68
  SINCE JAN 1     40.07                     40.28  -0.21    39.97

SNOWFALL (IN)
  TODAY            0.0                      MM     MM        0.0
  MONTH TO DATE    0.0                       0.0    0.0      0.0
  SINCE SEP 1      0.0                      MM     MM        0.0
  SINCE JUL 1      0.0                      MM     MM        0.0
  SNOW DEPTH      MM

DEGREE DAYS
 HEATING
  TODAY            3                         2      1        0
  MONTH TO DATE    6                         6      0        0
  SINCE SEP 1     22                        13      9        5
  SINCE JUL 1     22                        13      9        5

 COOLING
  TODAY            0                         5     -5        9
  MONTH TO DATE    1                        27    -26       47
  SINCE SEP 1    263                       321    -58      331
  SINCE JAN 1   1991                      1901     90     1888
...................................................................


WIND (MPH)
  HIGHEST WIND SPEED    14   HIGHEST WIND DIRECTION     N (360)
  HIGHEST GUST SPEED    17   HIGHEST GUST DIRECTION     N (20)
  AVERAGE WIND SPEED     4.2


SKY COVER
  AVERAGE SKY COVER 0.0


WEATHER CONDITIONS
THE FOLLOWING WEATHER WAS RECORDED TODAY.
  FOG


RELATIVE HUMIDITY (PERCENT)
 HIGHEST    97
 LOWEST     21
 AVERAGE    59

..........................................................


THE ANNISTON CLIMATE NORMALS FOR TOMORROW
                         NORMAL    RECORD    YEAR
 MAXIMUM TEMPERATURE (F)   79        96      1954
 MINIMUM TEMPERATURE (F)   57        37      2010


SUNRISE AND SUNSET
OCTOBER  5 2022.......SUNRISE   641 AM CDT   SUNSET   622 PM CDT
OCTOBER  6 2022.......SUNRISE   641 AM CDT   SUNSET   621 PM CDT


-  INDICATES NEGATIVE NUMBERS.
R  INDICATES RECORD WAS SET OR TIED.
MM INDICATES DATA IS MISSING.
T  INDICATES TRACE AMOUNT.




$$
