000
CDAK48 PAFC 010053
CLIANC

CLIMATE REPORT
NATIONAL WEATHER SERVICE ANCHORAGE, AK
453 PM AKDT FRI SEP 30 2022

...................................

...THE ANCHORAGE AK CLIMATE SUMMARY FOR SEPTEMBER 30 2022...
VALID TODAY AS OF 0400 PM LOCAL TIME.

CLIMATE NORMAL PERIOD: 1991 TO 2020
CLIMATE RECORD PERIOD: 1952 TO 2022


WEATHER ITEM   OBSERVED TIME   RECORD YEAR NORMAL DEPARTURE LAST
                VALUE   (LST)  VALUE       VALUE  FROM      YEAR
                                                  NORMAL
...................................................................
TEMPERATURE (F)
 TODAY
  MAXIMUM         55   1:51 PM  60    1993  50      5       47
                                      2003
                                      2020
  MINIMUM         45   6:31 AM  25    2021  38      7       25
  AVERAGE         50                        44      6       36

PRECIPITATION (IN)
  TODAY            0.01          1.30 2004   0.10  -0.09     0.00
  MONTH TO DATE    5.18                      3.10   2.08     1.95
  SINCE SEP 1      5.18                      3.10   2.08     1.95
  SINCE JAN 1     21.45                     12.25   9.20    11.66

SNOWFALL (IN)
  TODAY            0.0           3.0  1992   0.1   -0.1      0.0
  MONTH TO DATE    0.0                       0.4   -0.4       T
  SINCE SEP 1      0.0                       0.4   -0.4       T
  SINCE JUL 1      0.0                       0.4   -0.4       T
  SNOW DEPTH       0

DEGREE DAYS
 HEATING
  TODAY           15                        21     -6       29
  MONTH TO DATE  436                       470    -34      516
  SINCE SEP 1    436                       470    -34      516
  SINCE JUL 1    871                       880     -9      934

 COOLING
  TODAY            0                         0      0        0
  MONTH TO DATE    0                         0      0        0
  SINCE SEP 1      0                         0      0        0
  SINCE JAN 1      9                         8      1       11
...................................................................


WIND (MPH)
  RESULTANT WIND SPEED   3   RESULTANT WIND DIRECTION   S (160)
  HIGHEST WIND SPEED    17   HIGHEST WIND DIRECTION     S (180)
  HIGHEST GUST SPEED    32   HIGHEST GUST DIRECTION     S (170)
  AVERAGE WIND SPEED     4.6


SKY COVER
  AVERAGE SKY COVER 0.8


WEATHER CONDITIONS
THE FOLLOWING WEATHER WAS RECORDED TODAY.
  LIGHT RAIN


RELATIVE HUMIDITY (PERCENT)
 HIGHEST   100          12:00 AM
 LOWEST     71           3:00 PM
 AVERAGE    86

..........................................................


THE ANCHORAGE AK CLIMATE NORMALS FOR TOMORROW
                         NORMAL    RECORD    YEAR
 MAXIMUM TEMPERATURE (F)   50        62      2003
 MINIMUM TEMPERATURE (F)   38        25      1957


SUNRISE AND SUNSET
SEPTEMBER 30 2022.....SUNRISE   8:05 AM AKDT  SUNSET   7:34 PM AKDT
OCTOBER 01 2022.......SUNRISE   8:08 AM AKDT  SUNSET   7:31 PM AKDT

CIVIL TWILIGHT
SEPTEMBER 30 2022.....  START   7:22 AM AKDT     END   8:17 PM AKDT
OCTOBER 01 2022.......  START   7:25 AM AKDT     END   8:14 PM AKDT


-  INDICATES NEGATIVE NUMBERS.
R  INDICATES RECORD WAS SET OR TIED.
MM INDICATES DATA IS MISSING.
T  INDICATES TRACE AMOUNT.

------------------------------------------------------
AMOUNT OF DAYLIGHT TODAY  (HOUR:MIN)........11:29
GAIN/LOSS SINCE YESTERDAY (HOUR:MIN:SEC)....-0:05:39

$$
