000
CDUS43 KAPX 020508
CLIANJ

CLIMATE REPORT
NATIONAL WEATHER SERVICE
108 AM EDT SUN OCT 02 2022

...................................

...THE SAULT STE MARIE MI CLIMATE SUMMARY FOR OCTOBER 1 2022...

CLIMATE NORMAL PERIOD: 1991 TO 2020
CLIMATE RECORD PERIOD: 1888 TO 2022


WEATHER ITEM   OBSERVED TIME   RECORD YEAR NORMAL DEPARTURE LAST
                VALUE   (LST)  VALUE       VALUE  FROM      YEAR
                                                  NORMAL
...................................................................
TEMPERATURE (F)
 YESTERDAY
  MAXIMUM         66        MM  80    1950  61      5       76
  MINIMUM         44        MM  28    1947  44      0       54
                                      1974
  AVERAGE         55                        52      3       65

PRECIPITATION (IN)
  YESTERDAY        0.00          1.55 1987   0.14  -0.14     0.00
  MONTH TO DATE    0.00                      0.14  -0.14     0.00
  SINCE SEP 1      2.15                      4.07  -1.92     3.13
  SINCE JAN 1     26.86                     23.98   2.88    22.65

SNOWFALL (IN)
  YESTERDAY        0.0           0.8  1974   0.0    0.0      0.0
  MONTH TO DATE    0.0                       0.0    0.0      0.0
  SINCE JUL 1      0.0                       0.0    0.0      0.0
  SNOW DEPTH       0

DEGREE DAYS
 HEATING
  YESTERDAY       10                        13               0
  MONTH TO DATE   10                        13               0
  SINCE SEP 1    195                       238             151
  SINCE JUL 1    270                       358             174

 COOLING
  YESTERDAY        0                         0               0
  MONTH TO DATE    0                         0               0
  SINCE SEP 1     24                        25               4
  SINCE JAN 1    225                       235             425
...................................................................


WIND (MPH)
  HIGHEST WIND SPEED     9   HIGHEST WIND DIRECTION    NE (50)
  HIGHEST GUST SPEED    18   HIGHEST GUST DIRECTION    NE (50)
  AVERAGE WIND SPEED     3.9


RELATIVE HUMIDITY (PERCENT)
 HIGHEST   100
 LOWEST     58
 AVERAGE    79

..........................................................


THE SAULT STE MARIE MI CLIMATE NORMALS FOR TODAY
                         NORMAL    RECORD    YEAR
 MAXIMUM TEMPERATURE (F)   61        81      1922
 MINIMUM TEMPERATURE (F)   43        25      1974


SUNRISE AND SUNSET
OCTOBER  2 2022.......SUNRISE   7:37 AM EDT   SUNSET   7:15 PM EDT
OCTOBER  3 2022.......SUNRISE   7:39 AM EDT   SUNSET   7:13 PM EDT


-  INDICATES NEGATIVE NUMBERS.
R  INDICATES RECORD WAS SET OR TIED.
MM INDICATES DATA IS MISSING.
T  INDICATES TRACE AMOUNT.




$$
