000
CDUS41 KCTP 052130
CLIAOO

CLIMATE REPORT
NATIONAL WEATHER SERVICE STATE COLLEGE PA
530 PM EDT WED OCT 05 2022

...................................

...THE ALTOONA CLIMATE SUMMARY FOR OCTOBER 5 2022...
VALID TODAY AS OF 0500 PM LOCAL TIME.

CLIMATE NORMAL PERIOD 1991 TO 2020
CLIMATE RECORD PERIOD 1948 TO 2022


WEATHER ITEM   OBSERVED TIME   RECORD YEAR NORMAL DEPARTURE LAST
                VALUE   (LST)  VALUE       VALUE  FROM      YEAR
                                                  NORMAL
...................................................................
TEMPERATURE (F)
 TODAY
  MAXIMUM         69    359 PM  89    1951  67      2       74
  MINIMUM         48    234 AM  31    1965  47      1       58
  AVERAGE         59                        57      2       66

PRECIPITATION (IN)
  TODAY            0.00          1.35 1979   0.11  -0.11     0.00
  MONTH TO DATE    1.12                      0.52   0.60     0.07
  SINCE SEP 1      3.46                      4.48  -1.02     8.38
  SINCE JAN 1     27.44                     28.83  -1.39    35.98

DEGREE DAYS
 HEATING
  TODAY            6                         9     -3        0
  MONTH TO DATE   67                        42     25       16
  SINCE SEP 1    160                       150     10       70
  SINCE JUL 1    164                       166     -2       71

 COOLING
  TODAY            0                         1     -1        1
  MONTH TO DATE    0                         5     -5        6
  SINCE SEP 1     70                        74     -4       78
  SINCE JAN 1    767                       687     80      864
...................................................................


WIND (MPH)
  HIGHEST WIND SPEED    10   HIGHEST WIND DIRECTION    NW (320)
  HIGHEST GUST SPEED    16   HIGHEST GUST DIRECTION    NE (30)
  AVERAGE WIND SPEED     3.0


SKY COVER
  POSSIBLE SUNSHINE  MM
  AVERAGE SKY COVER 0.9


WEATHER CONDITIONS
THE FOLLOWING WEATHER WAS RECORDED TODAY.
  NO SIGNIFICANT WEATHER WAS OBSERVED.


RELATIVE HUMIDITY (PERCENT)
 HIGHEST    80           100 AM
 LOWEST     42           400 PM
 AVERAGE    61

..........................................................


THE ALTOONA CLIMATE NORMALS FOR TOMORROW
                         NORMAL    RECORD    YEAR
 MAXIMUM TEMPERATURE (F)   67        87      2013
 MINIMUM TEMPERATURE (F)   46        27      1958


SUNRISE AND SUNSET
OCTOBER  5 2022.......SUNRISE   714 AM EDT   SUNSET   649 PM EDT
OCTOBER  6 2022.......SUNRISE   715 AM EDT   SUNSET   647 PM EDT


-  INDICATES NEGATIVE NUMBERS.
R  INDICATES RECORD WAS SET OR TIED.
MM INDICATES DATA IS MISSING.
T  INDICATES TRACE AMOUNT.




$$
