000
CDUS45 KBOU 290732
CLIAPA

CLIMATE REPORT
NATIONAL WEATHER SERVICE
132 AM MDT THU SEP 29 2022

...................................

...THE CENTENNIAL CO CLIMATE SUMMARY FOR SEPTEMBER 28 2022...

CLIMATE NORMAL PERIOD 1991 TO 2020
CLIMATE RECORD PERIOD 9999 TO 9999


WEATHER ITEM   OBSERVED RECORD YEAR NORMAL DEPARTURE LAST
                VALUE   VALUE       VALUE  FROM      YEAR
                                           NORMAL
............................................................
TEMPERATURE (F)
 YESTERDAY
  MAXIMUM         83     MM      MM  72     11       78
  MINIMUM         52     MM      MM  43      9       54
  AVERAGE         68                 58     10       66

PRECIPITATION (IN)
  YESTERDAY        0.00  MM      MM   0.04  -0.04      T
  MONTH TO DATE    1.06               1.22  -0.16     1.73
  SINCE OCT 1     10.62              14.95  -4.33    16.02
  SINCE JAN 1     10.20              13.07  -2.87    15.13

SNOWFALL (IN)
  YESTERDAY       MM
  SNOW DEPTH      MM

DEGREE DAYS
 HEATING
  YESTERDAY        0
  MONTH TO DATE   63

 COOLING
  YESTERDAY        3
  MONTH TO DATE  109
............................................................


WIND (MPH)
  RESULTANT WIND SPEED   6   RESULTANT WIND DIRECTION   S (190)
  HIGHEST WIND SPEED    17   HIGHEST WIND DIRECTION     S (200)
  HIGHEST GUST SPEED    24   HIGHEST GUST DIRECTION     S (190)


SKY COVER
  POSSIBLE SUNSHINE  MM
  AVERAGE SKY COVER 0.4


WEATHER CONDITIONS
THE FOLLOWING WEATHER WAS RECORDED YESTERDAY.
  HAZE


RELATIVE HUMIDITY (PERCENT)
 HIGHEST    57
 LOWEST     14
 AVERAGE    36

..........................................................


THE CENTENNIAL CO CLIMATE NORMALS FOR TODAY
                         NORMAL    RECORD    YEAR
 MAXIMUM TEMPERATURE (F)   71        MM        MM
 MINIMUM TEMPERATURE (F)   43        MM        MM


SUNRISE AND SUNSET
SEPTEMBER 29 2022.....SUNRISE   654 AM MDT   SUNSET   645 PM MDT
SEPTEMBER 30 2022.....SUNRISE   655 AM MDT   SUNSET   643 PM MDT


-  INDICATES NEGATIVE NUMBERS.
R  INDICATES RECORD WAS SET OR TIED.
MM INDICATES DATA IS MISSING.
T  INDICATES TRACE AMOUNT.




$$
