000
CDUS42 KMFL 302024
CLIAPF

CLIMATE REPORT
NATIONAL WEATHER SERVICE MIAMI, FL
424 PM EDT FRI SEP 30 2022

...................................

...THE NAPLES CLIMATE SUMMARY FOR SEPTEMBER 30 2022...
VALID TODAY AS OF 0400 PM LOCAL TIME.

CLIMATE NORMAL PERIOD: 1991 TO 2020
CLIMATE RECORD PERIOD: 1942 TO 2022


WEATHER ITEM   OBSERVED TIME   RECORD YEAR NORMAL DEPARTURE LAST
                VALUE   (LST)  VALUE       VALUE  FROM      YEAR
                                                  NORMAL
...................................................................
TEMPERATURE (F)
 TODAY
  MAXIMUM         MM        MM  95    1988  89     MM       91
  MINIMUM         MM        MM  67    1983  74     MM       72
  AVERAGE         MM                        81     MM       82

PRECIPITATION (IN)
  TODAY            0.00          2.70 1951   0.21  -0.21     0.00
  MONTH TO DATE   10.26                      8.60   1.66     9.72
  SINCE JUN 1     33.84                     32.67   1.17    34.51
  SINCE JAN 1     44.20                     42.91   1.29    38.77

SNOWFALL (IN)
  TODAY            0.0
  MONTH TO DATE    0.0
  SINCE SEP 1      0.0
  SINCE JUL 1      0.0
  SNOW DEPTH       0

DEGREE DAYS
 HEATING
  TODAY           MM                         0     MM        0
  MONTH TO DATE    0                         0      0        0
  SINCE SEP 1      0                         0      0        0
  SINCE JUL 1      0                         0      0        0

 COOLING
  TODAY           MM                        16     MM       17
  MONTH TO DATE  487                       520    -33      534
  SINCE SEP 1    487                       520    -33      534
  SINCE JAN 1   3687                      3287    400     3495
...................................................................


WIND (MPH)
  HIGHEST WIND SPEED    MM   HIGHEST WIND DIRECTION    MM
  HIGHEST GUST SPEED    MM   HIGHEST GUST DIRECTION    MM
  AVERAGE WIND SPEED    MM


SKY COVER
  AVERAGE SKY COVER 0.0


WEATHER CONDITIONS
THE FOLLOWING WEATHER WAS RECORDED TODAY.
  NO SIGNIFICANT WEATHER WAS OBSERVED.


RELATIVE HUMIDITY (PERCENT)
 HIGHEST    MM
 LOWEST     MM
 AVERAGE    MM

..........................................................


THE NAPLES CLIMATE NORMALS FOR TOMORROW
                         NORMAL    RECORD    YEAR
 MAXIMUM TEMPERATURE (F)   88        95      1988
 MINIMUM TEMPERATURE (F)   74        68      1983
                                             1993
                                             2008


SUNRISE AND SUNSET
SEPTEMBER 30 2022.....SUNRISE   7:19 AM EDT   SUNSET   7:15 PM EDT
OCTOBER  1 2022.......SUNRISE   7:19 AM EDT   SUNSET   7:13 PM EDT


-  INDICATES NEGATIVE NUMBERS.
R  INDICATES RECORD WAS SET OR TIED.
MM INDICATES DATA IS MISSING.
T  INDICATES TRACE AMOUNT.




$$
