000
CDUS43 KAPX 010525
CLIAPN

CLIMATE REPORT
NATIONAL WEATHER SERVICE
125 AM EDT SAT OCT 01 2022

...................................

...THE ALPENA MI CLIMATE SUMMARY FOR SEPTEMBER 30 2022...

CLIMATE NORMAL PERIOD: 1991 TO 2020
CLIMATE RECORD PERIOD: 1916 TO 2022


WEATHER ITEM   OBSERVED TIME   RECORD YEAR NORMAL DEPARTURE LAST
                VALUE   (LST)  VALUE       VALUE  FROM      YEAR
                                                  NORMAL
...................................................................
TEMPERATURE (F)
 YESTERDAY
  MAXIMUM         66   1:46 PM  86    1922  65      1       67
  MINIMUM         31   5:35 AM  24    1945  42    -11       38
  AVERAGE         49                        54     -5       53

PRECIPITATION (IN)
  YESTERDAY        0.00          2.04 1921   0.09  -0.09     0.00
  MONTH TO DATE    1.41                      2.84  -1.43     2.28
  SINCE SEP 1      1.41                      2.84  -1.43     2.28
  SINCE JAN 1     23.23                     22.72   0.51    20.76

SNOWFALL (IN)
  YESTERDAY        0.0          MM      MM   0.0    0.0      0.0
  MONTH TO DATE    0.0                       0.0    0.0      0.0
  SINCE JUL 1      0.0                       0.0    0.0      0.0
  SNOW DEPTH       0

DEGREE DAYS
 HEATING
  YESTERDAY       16                        12              12
  MONTH TO DATE  180                       214             163
  SINCE SEP 1    180                       214             163
  SINCE JUL 1    216                       300             199

 COOLING
  YESTERDAY        0                         0               0
  MONTH TO DATE   60                        32              14
  SINCE SEP 1     60                        32              14
  SINCE JAN 1    395                       348             513
...................................................................


WIND (MPH)
  HIGHEST WIND SPEED    10   HIGHEST WIND DIRECTION     E (100)
  HIGHEST GUST SPEED    14   HIGHEST GUST DIRECTION     E (100)
  AVERAGE WIND SPEED     2.7


RELATIVE HUMIDITY (PERCENT)
 HIGHEST    96
 LOWEST     30
 AVERAGE    63

..........................................................


THE ALPENA MI CLIMATE NORMALS FOR TODAY
                         NORMAL    RECORD    YEAR
 MAXIMUM TEMPERATURE (F)   65        88      1971
 MINIMUM TEMPERATURE (F)   42        23      1960


SUNRISE AND SUNSET
OCTOBER  1 2022.......SUNRISE   7:32 AM EDT   SUNSET   7:15 PM EDT
OCTOBER  2 2022.......SUNRISE   7:34 AM EDT   SUNSET   7:13 PM EDT


-  INDICATES NEGATIVE NUMBERS.
R  INDICATES RECORD WAS SET OR TIED.
MM INDICATES DATA IS MISSING.
T  INDICATES TRACE AMOUNT.




$$
