000
CDUS43 KAPX 260545
CLIAPX

CLIMATE REPORT
NATIONAL WEATHER SERVICE
145 AM EDT MON SEP 26 2022

...................................

...THE GAYLORD  WFO CLIMATE SUMMARY FOR SEPTEMBER 25 2022...

CLIMATE NORMAL PERIOD: 1991 TO 2020
CLIMATE RECORD PERIOD: 1998 TO 2022


WEATHER ITEM   OBSERVED TIME   RECORD YEAR NORMAL DEPARTURE LAST
                VALUE   (LST)  VALUE       VALUE  FROM      YEAR
                                                  NORMAL
...................................................................
TEMPERATURE (F)
 YESTERDAY
  MAXIMUM         53        MM  88    2017  65    -12       59
  MINIMUM         48        MM  33    2000  45      3       46
  AVERAGE         51                        55     -4       53

PRECIPITATION (IN)
  YESTERDAY        0.43R         0.25 2010   0.13   0.30     0.17
  MONTH TO DATE    2.40                      2.99  -0.59     2.72
  SINCE SEP 1      2.40                      2.99  -0.59     2.72
  SINCE JAN 1     22.02                     26.70  -4.68    24.80

SNOWFALL (IN)
  YESTERDAY        0.0          MM      MM

DEGREE DAYS
 HEATING
  YESTERDAY       14                        10              12
  MONTH TO DATE  111                       163             143
  SINCE SEP 1    111                       163             143
  SINCE JUL 1    157                       272             210

 COOLING
  YESTERDAY        0                         0               0
  MONTH TO DATE   46                        33               9
  SINCE SEP 1     46                        33               9
  SINCE JAN 1    350                       321             402
...................................................................


WIND (MPH)
  HIGHEST WIND SPEED    MM   HIGHEST WIND DIRECTION    MM
  HIGHEST GUST SPEED    MM   HIGHEST GUST DIRECTION    MM
  AVERAGE WIND SPEED    MM


RELATIVE HUMIDITY (PERCENT)
 HIGHEST    MM
 LOWEST     MM
 AVERAGE    MM

..........................................................


THE GAYLORD  WFO CLIMATE NORMALS FOR TODAY
                         NORMAL    RECORD    YEAR
 MAXIMUM TEMPERATURE (F)   65        86      2017
 MINIMUM TEMPERATURE (F)   45        32      2001


SUNRISE AND SUNSET
SEPTEMBER 26 2022.....SUNRISE   7:31 AM EDT   SUNSET   7:29 PM EDT
SEPTEMBER 27 2022.....SUNRISE   7:32 AM EDT   SUNSET   7:27 PM EDT


-  INDICATES NEGATIVE NUMBERS.
R  INDICATES RECORD WAS SET OR TIED.
MM INDICATES DATA IS MISSING.
T  INDICATES TRACE AMOUNT.




$$
