000
CDUS44 KLCH 060824
CLIARA

CLIMATE REPORT
NATIONAL WEATHER SERVICE LAKE CHARLES, LA
324 AM CDT THU OCT 06 2022

...................................

...THE NEW IBERIA CLIMATE SUMMARY FOR OCTOBER 5 2022...

CLIMATE NORMAL PERIOD: 1991 TO 2020
CLIMATE RECORD PERIOD: 1948 TO 2022


WEATHER ITEM   OBSERVED TIME   RECORD YEAR NORMAL DEPARTURE LAST
                VALUE   (LST)  VALUE       VALUE  FROM      YEAR
                                                  NORMAL
...................................................................
TEMPERATURE (F)
 YESTERDAY
  MAXIMUM         87   2:46 PM  93    2006  85      2       86
                                      2019
  MINIMUM         61   6:30 AM  45    1948  64     -3       67
  AVERAGE         74                        75     -1       77

PRECIPITATION (IN)
  YESTERDAY        0.00          1.18 1971   0.18  -0.18     0.00
  MONTH TO DATE    0.00                      0.89  -0.89     0.27
  SINCE SEP 1      3.20                      5.94  -2.74     9.57
  SINCE JAN 1     38.20                     46.50  -8.30    62.88

SNOWFALL (IN)
  YESTERDAY       MM             0.0    MM  MM               0.0
  MONTH TO DATE    0.0                       0.0             0.0
  SINCE SEP 1      0.0                      MM               0.0
  SINCE JUL 1      0.0                      MM               0.0

DEGREE DAYS
 HEATING
  YESTERDAY        0                         0      0        0
  MONTH TO DATE    0                         0      0        0
  SINCE SEP 1      1                         0      1        0
  SINCE JUL 1      1                         0      1        0

 COOLING
  YESTERDAY        9                        10     -1       12
  MONTH TO DATE   29                        52    -23       67
  SINCE SEP 1    455                       489    -34      464
  SINCE JAN 1   2820                      2703    117     2677
...................................................................


WIND (MPH)
  RESULTANT WIND SPEED   1   RESULTANT WIND DIRECTION   E (90)
  HIGHEST WIND SPEED    10   HIGHEST WIND DIRECTION    NE (40)
  HIGHEST GUST SPEED    14   HIGHEST GUST DIRECTION    NE (30)
  AVERAGE WIND SPEED     2.9


SKY COVER
  POSSIBLE SUNSHINE  MM
  AVERAGE SKY COVER 0.1


WEATHER CONDITIONS
THE FOLLOWING WEATHER WAS RECORDED YESTERDAY.
  FOG


RELATIVE HUMIDITY (PERCENT)
 HIGHEST    97           5:00 AM
 LOWEST     39           3:00 PM
 AVERAGE    68

..........................................................


THE NEW IBERIA CLIMATE NORMALS FOR TODAY
                         NORMAL    RECORD    YEAR
 MAXIMUM TEMPERATURE (F)   85        94      2018
 MINIMUM TEMPERATURE (F)   64        47      1964
                                             1985
                                             2010


SUNRISE AND SUNSET
OCTOBER  6 2022.......SUNRISE   7:04 AM CDT   SUNSET   6:47 PM CDT
OCTOBER  7 2022.......SUNRISE   7:04 AM CDT   SUNSET   6:46 PM CDT


-  INDICATES NEGATIVE NUMBERS.
R  INDICATES RECORD WAS SET OR TIED.
MM INDICATES DATA IS MISSING.
T  INDICATES TRACE AMOUNT.




$$
