000
CDUS43 KLOT 260642
CLIARR

CLIMATE REPORT
NATIONAL WEATHER SERVICE CHICAGO IL
142 AM CDT MON SEP 26 2022

...................................

...THE AURORA MUNICIPAL AIRPORT CLIMATE SUMMARY FOR SEPTEMBER 25 2022...

CLIMATE NORMAL PERIOD: 1991 TO 2020
CLIMATE RECORD PERIOD: 1998 TO 2022


WEATHER ITEM   OBSERVED TIME   RECORD YEAR NORMAL DEPARTURE LAST
                VALUE   (LST)  VALUE       VALUE  FROM      YEAR
                                                  NORMAL
...................................................................
TEMPERATURE (F)
 YESTERDAY
  MAXIMUM         67   3:53 PM  92    2017  73     -6       71
  MINIMUM         46  11:48 PM  36    2003  48     -2       43
  AVERAGE         57                        61     -4       57

PRECIPITATION (IN)
  YESTERDAY        T             0.41 2018   0.10  -0.10     0.00
  MONTH TO DATE    1.64                      2.52  -0.88     0.72
  SINCE SEP 1      1.64                      2.52  -0.88     0.72
  SINCE JAN 1     27.88                     26.14   1.74    18.60

DEGREE DAYS
 HEATING
  YESTERDAY        8                         6      2        8
  MONTH TO DATE   51                        79    -28       37
  SINCE SEP 1     51                        79    -28       37
  SINCE JUL 1     53                        97    -44       41

 COOLING
  YESTERDAY        0                         2     -2        0
  MONTH TO DATE   86                        75     11       86
  SINCE SEP 1     86                        75     11       86
  SINCE JAN 1    774                       763     11      897
...................................................................


WIND (MPH)
  HIGHEST WIND SPEED    20   HIGHEST WIND DIRECTION     W (290)
  HIGHEST GUST SPEED    28   HIGHEST GUST DIRECTION     W (260)
  AVERAGE WIND SPEED    10.1


WEATHER CONDITIONS
THE FOLLOWING WEATHER WAS RECORDED YESTERDAY.
  LIGHT RAIN


RELATIVE HUMIDITY (PERCENT)
 HIGHEST    96          11:00 PM
 LOWEST     61           5:00 PM
 AVERAGE    79

..........................................................


THE AURORA MUNICIPAL AIRPORT CLIMATE NORMALS FOR TODAY
                         NORMAL    RECORD    YEAR
 MAXIMUM TEMPERATURE (F)   73        90      2017
 MINIMUM TEMPERATURE (F)   48        34      2000


SUNRISE AND SUNSET
SEPTEMBER 26 2022.....SUNRISE   6:45 AM CDT   SUNSET   6:44 PM CDT
SEPTEMBER 27 2022.....SUNRISE   6:47 AM CDT   SUNSET   6:42 PM CDT


-  INDICATES NEGATIVE NUMBERS.
R  INDICATES RECORD WAS SET OR TIED.
MM INDICATES DATA IS MISSING.
T  INDICATES TRACE AMOUNT.




$$
