000
CDUS41 KBUF 052045
CLIART

CLIMATE REPORT
NATIONAL WEATHER SERVICE BUFFALO NY
445 PM EDT WED OCT 05 2022

...................................

...THE WATERTOWN NY CLIMATE SUMMARY FOR OCTOBER 5 2022...
VALID TODAY AS OF 0400 PM LOCAL TIME.

CLIMATE NORMAL PERIOD: 1991 TO 2020
CLIMATE RECORD PERIOD: 1949 TO 2022


WEATHER ITEM   OBSERVED TIME   RECORD YEAR NORMAL DEPARTURE LAST
                VALUE   (LST)  VALUE       VALUE  FROM      YEAR
                                                  NORMAL
...................................................................
TEMPERATURE (F)
 TODAY
  MAXIMUM         69   2:42 PM  84    1951  63      6       64
  MINIMUM         28   4:26 AM  22    1984  43    -15       57
  AVERAGE         49                        53     -4       61

PRECIPITATION (IN)
  TODAY            0.00          1.14 1962   0.14  -0.14     0.00
  MONTH TO DATE    0.00                      0.69  -0.69     0.22
  SINCE SEP 1      2.90                      4.25  -1.35     3.42
  SINCE JAN 1     27.21                     27.00   0.21    27.10

DEGREE DAYS
 HEATING
  TODAY           16                        12      4        4
  MONTH TO DATE   86                        58     28       34
  SINCE SEP 1    239                       248     -9      152
  SINCE JUL 1    255                       310    -55      187

 COOLING
  TODAY            0                         0      0        0
  MONTH TO DATE    0                         0      0        0
  SINCE SEP 1     31                        40     -9       26
  SINCE JAN 1    479                       381     98      543
...................................................................


WIND (MPH)
  HIGHEST WIND SPEED     9   HIGHEST WIND DIRECTION     W (270)
  HIGHEST GUST SPEED    13   HIGHEST GUST DIRECTION     W (260)
  AVERAGE WIND SPEED     2.9


SKY COVER
  AVERAGE SKY COVER 0.0


WEATHER CONDITIONS
THE FOLLOWING WEATHER WAS RECORDED TODAY.
  NO SIGNIFICANT WEATHER WAS OBSERVED.


RELATIVE HUMIDITY (PERCENT)
 HIGHEST    96           4:00 AM
 LOWEST     25          12:00 PM
 AVERAGE    61

..........................................................


THE WATERTOWN NY CLIMATE NORMALS FOR TOMORROW
                         NORMAL    RECORD    YEAR
 MAXIMUM TEMPERATURE (F)   62        82      1990
 MINIMUM TEMPERATURE (F)   42        19      1984


SUNRISE AND SUNSET
OCTOBER  5 2022.......SUNRISE   7:07 AM EDT   SUNSET   6:38 PM EDT
OCTOBER  6 2022.......SUNRISE   7:08 AM EDT   SUNSET   6:36 PM EDT


-  INDICATES NEGATIVE NUMBERS.
R  INDICATES RECORD WAS SET OR TIED.
MM INDICATES DATA IS MISSING.
T  INDICATES TRACE AMOUNT.




$$
