000
CDAK47 PAJK 261250
CLIASI
NATIONAL WEATHER SERVICE JUNEAU AK
235 AM AKDT MON SEP 26 2022

...................................

...THE SITKA CLIMATE SUMMARY FOR SEPTEMBER 25 2022...

CLIMATE NORMAL PERIOD: 1991 TO 2020
CLIMATE RECORD PERIOD: 1944 TO 2022


WEATHER ITEM   OBSERVED RECORD YEAR NORMAL DEPARTURE LAST
                VALUE   VALUE       VALUE  FROM      YEAR
                                           NORMAL
............................................................
TEMPERATURE (F)
 YESTERDAY
  MAXIMUM         63     64    1944  56      7       53
  MINIMUM         54     34    1972  47      7       45
  AVERAGE         59                 51      8       49

PRECIPITATION (IN)
  YESTERDAY        0.33   3.64 1996   0.40  -0.07     0.11
  MONTH TO DATE    8.18               9.63  -1.45     8.20
  SINCE JAN 1     65.31              52.29  13.02    60.01

DEGREE DAYS
 HEATING
  YESTERDAY        6                 14     -8       16
  MONTH TO DATE  225                282    -57      232
  SINCE SEP 1    225                282    -57      232
............................................................


WIND (MPH)
  HIGHEST WIND SPEED    20   HIGHEST WIND DIRECTION     S (180)
  HIGHEST GUST SPEED    29   HIGHEST GUST DIRECTION     S (170)
  AVERAGE WIND SPEED     6.2


SKY COVER
  AVERAGE SKY COVER 1.0


WEATHER CONDITIONS
THE FOLLOWING WEATHER WAS RECORDED YESTERDAY.
  HEAVY RAIN
  LIGHT RAIN
  FOG

..........................................................


THE SITKA CLIMATE NORMALS FOR TODAY
                         NORMAL    RECORD    YEAR
 MAXIMUM TEMPERATURE (F)   56        67      1944
 MINIMUM TEMPERATURE (F)   47        31      1956


SUNRISE AND SUNSET
SEPTEMBER 26 2022.....SUNRISE   6:55 AM AKDT  SUNSET   6:49 PM AKDT
SEPTEMBER 27 2022.....SUNRISE   6:57 AM AKDT  SUNSET   6:46 PM AKDT


-  INDICATES NEGATIVE NUMBERS.
R  INDICATES RECORD WAS SET OR TIED.
MM INDICATES DATA IS MISSING.
T  INDICATES TRACE AMOUNT.




$$

--------------------------------------------------------------

AMOUNT OF DAYLIGHT TODAY (HOUR:MIN)......... 11 HOURS 54 MINUTES
GAIN/LOSS SINCE YESTERDAY (HOUR:MIN:SEC).... -0:04:48

$$
