000
CDUS46 KPQR 061142
CLIAST

CLIMATE REPORT
NATIONAL WEATHER SERVICE PORTLAND OREGON
442 AM PDT THU OCT 06 2022

...................................

...THE ASTORIA OR CLIMATE SUMMARY FOR OCTOBER 5 2022...

CLIMATE NORMAL PERIOD 1991 TO 2020
CLIMATE RECORD PERIOD 1892 TO 2022


WEATHER ITEM   OBSERVED TIME   RECORD YEAR NORMAL DEPARTURE LAST
                VALUE   (LST)  VALUE       VALUE  FROM      YEAR
                                                  NORMAL
...................................................................
TEMPERATURE (F)
 YESTERDAY
  MAXIMUM         68    302 PM  81    1964  64      4       60
                                      2015
  MINIMUM         56    713 AM  34    1992  47      9       49
  AVERAGE         62                        55      7       55

PRECIPITATION (IN)
  YESTERDAY        0.00          1.77 1981   0.16  -0.16     0.13
  MONTH TO DATE    0.00                      0.76  -0.76     0.24
  SINCE OCT 1      0.00                      0.76  -0.76     0.24
  SINCE JAN 1     43.88                     42.55   1.33    43.33

DEGREE DAYS
 HEATING
  YESTERDAY        3                        10     -7       10
  MONTH TO DATE   27                        47    -20       56
  SINCE SEP 1    139                       232    -93      238
  SINCE JUL 1    247                       494   -247      479

 COOLING
  YESTERDAY        0                         0      0        0
  MONTH TO DATE    3                         0      3        0
  SINCE SEP 1      8                         6      2        4
  SINCE JAN 1     56                        22     34       41
...................................................................


WIND (MPH)
  HIGHEST WIND SPEED    10   HIGHEST WIND DIRECTION    NW (310)
  HIGHEST GUST SPEED    14   HIGHEST GUST DIRECTION    NW (310)
  AVERAGE WIND SPEED     3.6


SKY COVER
  POSSIBLE SUNSHINE  MM
  AVERAGE SKY COVER 0.7


WEATHER CONDITIONS
THE FOLLOWING WEATHER WAS RECORDED YESTERDAY.
  FOG
  FOG W/VISIBILITY <= 1/4 MILE


RELATIVE HUMIDITY (PERCENT)
 HIGHEST   100          1000 PM
 LOWEST     68           300 PM
 AVERAGE    84

..........................................................


THE ASTORIA OR CLIMATE NORMALS FOR TODAY
                         NORMAL    RECORD    YEAR
 MAXIMUM TEMPERATURE (F)   63        85      1987
 MINIMUM TEMPERATURE (F)   47        34      1949


SUNRISE AND SUNSET
OCTOBER  6 2022.......SUNRISE   721 AM PDT   SUNSET   646 PM PDT
OCTOBER  7 2022.......SUNRISE   722 AM PDT   SUNSET   644 PM PDT


-  INDICATES NEGATIVE NUMBERS.
R  INDICATES RECORD WAS SET OR TIED.
MM INDICATES DATA IS MISSING.
T  INDICATES TRACE AMOUNT.




$$
