000
CDUS42 KFFC 290820
CLIATL

CLIMATE REPORT
NATIONAL WEATHER SERVICE PEACHTREE CITY GA
420 AM EDT THU SEP 29 2022

...................................

...THE ATLANTA CLIMATE SUMMARY FOR SEPTEMBER 28 2022...

CLIMATE NORMAL PERIOD: 1991 TO 2020
CLIMATE RECORD PERIOD: 1878 TO 2022


WEATHER ITEM   OBSERVED TIME   RECORD YEAR NORMAL DEPARTURE LAST
                VALUE   (LST)  VALUE       VALUE  FROM      YEAR
                                                  NORMAL
...................................................................
TEMPERATURE (F)
 YESTERDAY
  MAXIMUM         76   4:18 PM  93    1986  81     -5       84
  MINIMUM         55   6:27 AM  42    1967  62     -7       63
  AVERAGE         66                        71     -5       74

PRECIPITATION (IN)
  YESTERDAY        0.00          3.05 1963   0.14  -0.14     0.00
  MONTH TO DATE    0.99                      3.54  -2.55     3.60
  SINCE SEP 1      0.99                      3.54  -2.55     3.60
  SINCE JAN 1     38.77                     38.32   0.45    42.89

DEGREE DAYS
 HEATING
  YESTERDAY        0                         0      0        0
  MONTH TO DATE    0                         0      0        2
  SINCE SEP 1      0                         0      0        2
  SINCE JUL 1      0                         0      0        2

 COOLING
  YESTERDAY        1                         7     -6        9
  MONTH TO DATE  290                       289      1      257
  SINCE SEP 1    290                       289      1      257
  SINCE JAN 1   2134                      1937    197     1869
...................................................................


WIND (MPH)
  RESULTANT WIND SPEED  10   RESULTANT WIND DIRECTION   N (20)
  HIGHEST WIND SPEED    18   HIGHEST WIND DIRECTION     N (340)
  HIGHEST GUST SPEED    25   HIGHEST GUST DIRECTION     N (340)
  AVERAGE WIND SPEED    10.7


SKY COVER
  AVERAGE SKY COVER 0.3


WEATHER CONDITIONS
THE FOLLOWING WEATHER WAS RECORDED YESTERDAY.
  NO SIGNIFICANT WEATHER WAS OBSERVED.


RELATIVE HUMIDITY (PERCENT)
 HIGHEST    53           3:00 AM
 LOWEST     22           3:00 PM
 AVERAGE    38

..........................................................


THE ATLANTA CLIMATE NORMALS FOR TODAY
                         NORMAL    RECORD    YEAR
 MAXIMUM TEMPERATURE (F)   80        93      2019
 MINIMUM TEMPERATURE (F)   62        39      1967


SUNRISE AND SUNSET
SEPTEMBER 29 2022.....SUNRISE   7:31 AM EDT   SUNSET   7:25 PM EDT
SEPTEMBER 30 2022.....SUNRISE   7:31 AM EDT   SUNSET   7:23 PM EDT


-  INDICATES NEGATIVE NUMBERS.
R  INDICATES RECORD WAS SET OR TIED.
MM INDICATES DATA IS MISSING.
T  INDICATES TRACE AMOUNT.




$$
