000
CDUS44 KEWX 010642
CLIATT

CLIMATE REPORT
NATIONAL WEATHER SERVICE AUSTIN/SAN ANTONIO
142 AM CDT SAT OCT 01 2022

...................................

...THE AUSTIN CAMP MABRY CLIMATE SUMMARY FOR SEPTEMBER 30 2022...

CLIMATE NORMAL PERIOD: 1991 TO 2020
CLIMATE RECORD PERIOD: 1897 TO 2022


WEATHER ITEM   OBSERVED TIME   RECORD YEAR NORMAL DEPARTURE LAST
                VALUE   (LST)  VALUE       VALUE  FROM      YEAR
                                                  NORMAL
...................................................................
TEMPERATURE (F)
 YESTERDAY
  MAXIMUM         89   3:03 PM  99    2019  88      1       94
  MINIMUM         63   6:44 AM  42    1924  66     -3       74
  AVERAGE         76                        77     -1

PRECIPITATION (IN)
  YESTERDAY        0.00          1.15 1988   0.10  -0.10     0.00
  MONTH TO DATE    0.47                      3.45  -2.98     1.79
  SINCE SEP 1      0.47                      3.45  -2.98     1.79
  SINCE JAN 1     18.32                     26.70  -8.38    28.34

SNOWFALL (IN)
  YESTERDAY        0.0
  MONTH TO DATE    0.0
  SINCE SEP 1      0.0
  SINCE JUL 1      0.0
  SNOW DEPTH       0

DEGREE DAYS
 HEATING
  YESTERDAY        0                         0      0        0
  MONTH TO DATE    0                         0      0        0
  SINCE SEP 1      0                         0      0        0
  SINCE JUL 1      0                         0      0        0

 COOLING
  YESTERDAY       11                        12     -1       19
  MONTH TO DATE  539                       474     65      546
  SINCE SEP 1    539                       474     65      546
  SINCE JAN 1   3653                      2974    679     2971
...................................................................


WIND (MPH)
  HIGHEST WIND SPEED     8   HIGHEST WIND DIRECTION     E (110)
  HIGHEST GUST SPEED    14   HIGHEST GUST DIRECTION     E (90)
  AVERAGE WIND SPEED     3.1


SKY COVER
  AVERAGE SKY COVER 0.0


WEATHER CONDITIONS
THE FOLLOWING WEATHER WAS RECORDED YESTERDAY.
  NO SIGNIFICANT WEATHER WAS OBSERVED.


RELATIVE HUMIDITY (PERCENT)
 HIGHEST    50           6:00 AM
 LOWEST     24           4:00 PM
 AVERAGE    37

..........................................................


THE AUSTIN CAMP MABRY CLIMATE NORMALS FOR TODAY
                         NORMAL    RECORD    YEAR
 MAXIMUM TEMPERATURE (F)   87        99      2019
 MINIMUM TEMPERATURE (F)   66        42      1924


SUNRISE AND SUNSET
OCTOBER  1 2022.......SUNRISE   7:24 AM CDT   SUNSET   7:16 PM CDT
OCTOBER  2 2022.......SUNRISE   7:25 AM CDT   SUNSET   7:15 PM CDT


-  INDICATES NEGATIVE NUMBERS.
R  INDICATES RECORD WAS SET OR TIED.
MM INDICATES DATA IS MISSING.
T  INDICATES TRACE AMOUNT.




$$
