000
CDUS43 KABR 302245
CLIATY

CLIMATE REPORT
NATIONAL WEATHER SERVICE ABERDEEN SD
545 PM CDT FRI SEP 30 2022

...................................

...THE WATERTOWN SD CLIMATE SUMMARY FOR SEPTEMBER 30 2022...
VALID TODAY AS OF 0500 PM LOCAL TIME.

CLIMATE NORMAL PERIOD 1991 TO 2020
CLIMATE RECORD PERIOD 1898 TO 2022


WEATHER ITEM   OBSERVED TIME   RECORD YEAR NORMAL DEPARTURE LAST
                VALUE   (LST)  VALUE       VALUE  FROM      YEAR
                                                  NORMAL
...................................................................
TEMPERATURE (F)
 TODAY
  MAXIMUM         78    257 PM  87    1932  65     13       72
                                      1976
  MINIMUM         55    650 AM  20    1939  43     12       58
  AVERAGE         67                        54     13       65

PRECIPITATION (IN)
  TODAY            T             1.60 1995   0.07  -0.07      T
  MONTH TO DATE    1.02                      2.45  -1.43     3.01
  SINCE SEP 1      1.02                      2.45  -1.43     3.01
  SINCE JAN 1     17.62                     19.40  -1.78    17.56

SNOWFALL (IN)
  TODAY            0.0           T    1961   0.0    0.0      0.0
                                      1985
  MONTH TO DATE    0.0                       0.0    0.0      0.0
  SINCE OCT 1     27.2                      41.1  -13.9     32.6
  SINCE JUL 1      0.0                       0.0    0.0      0.0
  SNOW DEPTH       0

DEGREE DAYS
 HEATING
  TODAY            0                        12    -12        0
  MONTH TO DATE  128                       195    -67       95
  SINCE SEP 1    128                       195    -67       95
  SINCE JUL 1    136                       246   -110       98

 COOLING
  TODAY            2                         0      2        0
  MONTH TO DATE   83                        46     37       48
  SINCE SEP 1     83                        46     37       48
  SINCE JAN 1    695                       517    178      743
...................................................................


WIND (MPH)
  HIGHEST WIND SPEED    25   HIGHEST WIND DIRECTION    SE (150)
  HIGHEST GUST SPEED    34   HIGHEST GUST DIRECTION    SE (150)
  AVERAGE WIND SPEED    16.9


SKY COVER
  AVERAGE SKY COVER 0.0


WEATHER CONDITIONS
THE FOLLOWING WEATHER WAS RECORDED TODAY.
  LIGHT RAIN


RELATIVE HUMIDITY (PERCENT)
 HIGHEST    60           800 AM
 LOWEST     31           300 PM
 AVERAGE    46

..........................................................


THE WATERTOWN SD CLIMATE NORMALS FOR TOMORROW
                         NORMAL    RECORD    YEAR
 MAXIMUM TEMPERATURE (F)   65        91      1951
 MINIMUM TEMPERATURE (F)   42        20      2003


SUNRISE AND SUNSET
SEPTEMBER 30 2022.....SUNRISE   725 AM CDT   SUNSET   711 PM CDT
OCTOBER  1 2022.......SUNRISE   727 AM CDT   SUNSET   709 PM CDT


-  INDICATES NEGATIVE NUMBERS.
R  INDICATES RECORD WAS SET OR TIED.
MM INDICATES DATA IS MISSING.
T  INDICATES TRACE AMOUNT.




$$
