000
CDUS41 KGYX 060826
CLIAUG

CLIMATE REPORT
NATIONAL WEATHER SERVICE GRAY ME
426 AM EDT THU OCT 06 2022

...................................

...THE AUGUSTA CLIMATE SUMMARY FOR OCTOBER 5 2022...

CLIMATE NORMAL PERIOD: 1991 TO 2020
CLIMATE RECORD PERIOD: 1948 TO 2022


WEATHER ITEM   OBSERVED TIME   RECORD YEAR NORMAL DEPARTURE LAST
                VALUE   (LST)  VALUE       VALUE  FROM      YEAR
                                                  NORMAL
...................................................................
TEMPERATURE (F)
 YESTERDAY
  MAXIMUM         62   4:38 PM  80    2007  62      0       66
  MINIMUM         44   3:45 AM  27    1996  44      0       48
  AVERAGE         53                        53      0       57

PRECIPITATION (IN)
  YESTERDAY        0.23          1.53 1985   0.14   0.09     0.00
  MONTH TO DATE    0.23                      0.70  -0.47     0.10
  SINCE SEP 1      4.11                      4.60  -0.49     6.24
  SINCE JAN 1     27.26                     30.46  -3.20    25.91

DEGREE DAYS
 HEATING
  YESTERDAY       12                        12      0        8
  MONTH TO DATE   72                        56     16       52
  SINCE SEP 1    208                       216     -8      112
  SINCE JUL 1    209                       249    -40      160

 COOLING
  YESTERDAY        0                         0      0        0
  MONTH TO DATE    0                         0      0        0
  SINCE SEP 1     45                        38      7       45
  SINCE JAN 1    655                       425    230      541
...................................................................


WIND (MPH)
  HIGHEST WIND SPEED    13   HIGHEST WIND DIRECTION     N (10)
  HIGHEST GUST SPEED    18   HIGHEST GUST DIRECTION     N (350)
  AVERAGE WIND SPEED     6.1


SKY COVER
  AVERAGE SKY COVER 0.9


WEATHER CONDITIONS
THE FOLLOWING WEATHER WAS RECORDED YESTERDAY.
  HEAVY RAIN
  LIGHT RAIN
  FOG


RELATIVE HUMIDITY (PERCENT)
 HIGHEST    97           8:00 PM
 LOWEST     62          10:00 AM
 AVERAGE    80

..........................................................


THE AUGUSTA CLIMATE NORMALS FOR TODAY
                         NORMAL    RECORD    YEAR
 MAXIMUM TEMPERATURE (F)   62        78      1963
 MINIMUM TEMPERATURE (F)   44        28      1964


SUNRISE AND SUNSET
OCTOBER  6 2022.......SUNRISE   6:43 AM EDT   SUNSET   6:11 PM EDT
OCTOBER  7 2022.......SUNRISE   6:44 AM EDT   SUNSET   6:09 PM EDT


-  INDICATES NEGATIVE NUMBERS.
R  INDICATES RECORD WAS SET OR TIED.
MM INDICATES DATA IS MISSING.
T  INDICATES TRACE AMOUNT.




$$
