000
CDUS43 KGRB 090918
CLIAUW

CLIMATE REPORT
NATIONAL WEATHER SERVICE GREEN BAY
418 AM CDT FRI JUN 09 2023

...................................

...THE WAUSAU WI CLIMATE SUMMARY FOR JUNE 8 2023...

CLIMATE NORMAL PERIOD: 1991 TO 2020
CLIMATE RECORD PERIOD: 1896 TO 2023


WEATHER ITEM   OBSERVED TIME   RECORD YEAR NORMAL DEPARTURE LAST
                VALUE   (LST)  VALUE       VALUE  FROM      YEAR
                                                  NORMAL
...................................................................
TEMPERATURE (F)
 YESTERDAY
  MAXIMUM         78   5:01 PM  95    2021  74      4       72
  MINIMUM         43   3:31 AM  33    1913  53    -10       57
  AVERAGE         61                        64     -3       65

PRECIPITATION (IN)
  YESTERDAY        0.00          2.17 1993   0.17  -0.17      T
  MONTH TO DATE    0.18                      1.27  -1.09     0.58
  SINCE JUN 1      0.18                      1.27  -1.09     0.58
  SINCE JAN 1     14.26                     12.29   1.97    12.44

SNOWFALL (IN)
  YESTERDAY        0.0           0.0  2010   0.0    0.0      0.0
  MONTH TO DATE    0.0                       0.0    0.0      0.0
  SINCE JUN 1      0.0                       0.0    0.0      0.0
  SINCE JUL 1     90.8                      64.3   26.5     65.7
  SNOW DEPTH       0

DEGREE DAYS
 HEATING
  YESTERDAY        4                         4      0        0
  MONTH TO DATE    4                        35    -31       19
  SINCE JUN 1      4                        35    -31       19
  SINCE JUL 1   7321                      8132   -811     7566

 COOLING
  YESTERDAY        0                         2     -2        0
  MONTH TO DATE   56                        16     40        2
  SINCE JUN 1     56                        16     40        2
  SINCE JAN 1     88                        38     50       79
...................................................................


WIND (MPH)
  HIGHEST WIND SPEED    12   HIGHEST WIND DIRECTION    NE (50)
  HIGHEST GUST SPEED    16   HIGHEST GUST DIRECTION    NE (30)
  AVERAGE WIND SPEED     3.6


SKY COVER
  POSSIBLE SUNSHINE  MM
  AVERAGE SKY COVER 0.0


WEATHER CONDITIONS
THE FOLLOWING WEATHER WAS RECORDED YESTERDAY.
  NO SIGNIFICANT WEATHER WAS OBSERVED.


RELATIVE HUMIDITY (PERCENT)
 HIGHEST    76           5:00 AM
 LOWEST     18           3:00 PM
 AVERAGE    47

..........................................................


THE WAUSAU WI CLIMATE NORMALS FOR TODAY
                         NORMAL    RECORD    YEAR
 MAXIMUM TEMPERATURE (F)   75        93      1911
 MINIMUM TEMPERATURE (F)   53        35      1937


SUNRISE AND SUNSET
JUNE  9 2023..........SUNRISE   5:12 AM CDT   SUNSET   8:44 PM CDT
JUNE 10 2023..........SUNRISE   5:12 AM CDT   SUNSET   8:44 PM CDT


-  INDICATES NEGATIVE NUMBERS.
R  INDICATES RECORD WAS SET OR TIED.
MM INDICATES DATA IS MISSING.
T  INDICATES TRACE AMOUNT.




$$
