000
CDUS43 KGRB 010627
CLIAUW

CLIMATE REPORT
NATIONAL WEATHER SERVICE GREEN BAY
127 AM CDT SAT OCT 01 2022

...................................

...THE WAUSAU WI CLIMATE SUMMARY FOR SEPTEMBER 30 2022...

CLIMATE NORMAL PERIOD: 1991 TO 2020
CLIMATE RECORD PERIOD: 1896 TO 2022


WEATHER ITEM   OBSERVED TIME   RECORD YEAR NORMAL DEPARTURE LAST
                VALUE   (LST)  VALUE       VALUE  FROM      YEAR
                                                  NORMAL
...................................................................
TEMPERATURE (F)
 YESTERDAY
  MAXIMUM         68   3:59 PM  85    1897  64      4       82
  MINIMUM         38   6:19 AM  18    1899  43     -5       52
  AVERAGE         53                        53      0       67

PRECIPITATION (IN)
  YESTERDAY        0.00          2.06 1981   0.11  -0.11     0.00
  MONTH TO DATE    2.53                      3.83  -1.30     1.93
  SINCE SEP 1      2.53                      3.83  -1.30     1.93
  SINCE JAN 1     26.63                     27.45  -0.82    37.05

SNOWFALL (IN)
  YESTERDAY        0.0           0.0    MM   0.0    0.0      0.0
  MONTH TO DATE    0.0                       0.0    0.0      0.0
  SINCE SEP 1      0.0                       0.0    0.0      0.0
  SINCE JUL 1      0.0                       0.0    0.0      0.0
  SNOW DEPTH       0

DEGREE DAYS
 HEATING
  YESTERDAY       12                        12      0        0
  MONTH TO DATE  152                       209    -57       73
  SINCE SEP 1    152                       209    -57       73
  SINCE JUL 1    159                       270   -111       76

 COOLING
  YESTERDAY        0                         0      0        2
  MONTH TO DATE   63                        35     28       28
  SINCE SEP 1     63                        35     28       28
  SINCE JAN 1    665                       420    245      755
...................................................................


WIND (MPH)
  HIGHEST WIND SPEED    10   HIGHEST WIND DIRECTION     S (170)
  HIGHEST GUST SPEED    14   HIGHEST GUST DIRECTION     S (160)
  AVERAGE WIND SPEED     3.9


SKY COVER
  POSSIBLE SUNSHINE  MM
  AVERAGE SKY COVER 0.0


WEATHER CONDITIONS
THE FOLLOWING WEATHER WAS RECORDED YESTERDAY.
  FOG


RELATIVE HUMIDITY (PERCENT)
 HIGHEST    92           4:00 AM
 LOWEST     35           4:00 PM
 AVERAGE    64

..........................................................


THE WAUSAU WI CLIMATE NORMALS FOR TODAY
                         NORMAL    RECORD    YEAR
 MAXIMUM TEMPERATURE (F)   63        91      1976
 MINIMUM TEMPERATURE (F)   43        25      1947


SUNRISE AND SUNSET
OCTOBER  1 2022.......SUNRISE   6:57 AM CDT   SUNSET   6:39 PM CDT
OCTOBER  2 2022.......SUNRISE   6:58 AM CDT   SUNSET   6:37 PM CDT


-  INDICATES NEGATIVE NUMBERS.
R  INDICATES RECORD WAS SET OR TIED.
MM INDICATES DATA IS MISSING.
T  INDICATES TRACE AMOUNT.




$$
