000
CDUS42 KGSP 060648
CLIAVL

CLIMATE REPORT
NATIONAL WEATHER SERVICE GREENVILLE-SPARTANBURG SC
248 AM EDT THU OCT 06 2022

...................................

...THE ASHEVILLE NC CLIMATE SUMMARY FOR OCTOBER 5 2022...

CLIMATE NORMAL PERIOD 1991 TO 2020
CLIMATE RECORD PERIOD 1869 TO 2022


WEATHER ITEM   OBSERVED TIME   RECORD YEAR NORMAL DEPARTURE LAST
                VALUE   (LST)  VALUE       VALUE  FROM      YEAR
                                                  NORMAL
...................................................................
TEMPERATURE (F)
 YESTERDAY
  MAXIMUM         69    337 PM  90    1941  73     -4       73
  MINIMUM         43    651 AM  29    1968  51     -8       62
  AVERAGE         56                        62     -6       68

PRECIPITATION (IN)
  YESTERDAY        0.00          1.93 1995   0.12  -0.12     0.33
  MONTH TO DATE    0.05                      0.63  -0.58     0.66
  SINCE SEP 1      4.32                      4.76  -0.44     3.58
  SINCE JAN 1     39.24                     38.95   0.29    47.72

SNOWFALL (IN)
  YESTERDAY        0.0           0.0    MM   0.0             0.0
  MONTH TO DATE    0.0                       0.0             0.0
  SINCE SEP 1      0.0                       0.0             0.0
  SINCE JUL 1      0.0                       0.0             0.0
  SNOW DEPTH       0

DEGREE DAYS
 HEATING
  YESTERDAY        9                         4      5        0
  MONTH TO DATE   48                        19     29        0
  SINCE SEP 1    105                        53     52       31
  SINCE JUL 1    105                        53     52       31

 COOLING
  YESTERDAY        0                         1     -1        3
  MONTH TO DATE    0                         9     -9       15
  SINCE SEP 1     93                       142    -49      125
  SINCE JAN 1   1017                      1037    -20      971
...................................................................


WIND (MPH)
  HIGHEST WIND SPEED    21   HIGHEST WIND DIRECTION    NW (330)
  HIGHEST GUST SPEED    26   HIGHEST GUST DIRECTION    NW (330)
  AVERAGE WIND SPEED     8.3


SKY COVER
  POSSIBLE SUNSHINE  MM
  AVERAGE SKY COVER 0.0


WEATHER CONDITIONS
THE FOLLOWING WEATHER WAS RECORDED YESTERDAY.
  NO SIGNIFICANT WEATHER WAS OBSERVED.


RELATIVE HUMIDITY (PERCENT)
 HIGHEST    82           400 AM
 LOWEST     31           300 PM
 AVERAGE    57

..........................................................


THE ASHEVILLE NC CLIMATE NORMALS FOR TODAY
                         NORMAL    RECORD    YEAR
 MAXIMUM TEMPERATURE (F)   73        90      1941
 MINIMUM TEMPERATURE (F)   50        33      1970
                                             1974
                                             2010


SUNRISE AND SUNSET
OCTOBER  6 2022.......SUNRISE   729 AM EDT   SUNSET   707 PM EDT
OCTOBER  7 2022.......SUNRISE   730 AM EDT   SUNSET   706 PM EDT


-  INDICATES NEGATIVE NUMBERS.
R  INDICATES RECORD WAS SET OR TIED.
MM INDICATES DATA IS MISSING.
T  INDICATES TRACE AMOUNT.




$$
