000
CDUS41 KBGM 260520
CLIAVP

CLIMATE REPORT
NATIONAL WEATHER SERVICE BINGHAMTON, NY
120 AM EDT MON SEP 26 2022

...................................

...THE AVOCA PA CLIMATE SUMMARY FOR SEPTEMBER 25 2022...

CLIMATE NORMAL PERIOD 1991 TO 2020
CLIMATE RECORD PERIOD 1901 TO 2022


WEATHER ITEM   OBSERVED TIME   RECORD YEAR NORMAL DEPARTURE LAST
                VALUE   (LST)  VALUE       VALUE  FROM      YEAR
                                                  NORMAL
...................................................................
TEMPERATURE (F)
 YESTERDAY
  MAXIMUM         69    359 PM  92    2017  72     -3       73
  MINIMUM         52    121 AM  34    1928  51      1       49
  AVERAGE         61                        61      0       61

PRECIPITATION (IN)
  YESTERDAY        0.16          2.53 1902   0.14   0.02     0.00
  MONTH TO DATE    6.07                      3.43   2.64     9.75
  SINCE SEP 1      6.07                      3.43   2.64     9.75
  SINCE JAN 1     33.28                     28.64   4.64    37.52

SNOWFALL (IN)
  YESTERDAY        0.0           0.0    MM   0.0    0.0      0.0
  MONTH TO DATE    0.0                       0.0    0.0      0.0
  SINCE SEP 1      0.0                       0.0    0.0      0.0
  SINCE JUL 1      T                         0.0    0.0      0.0

DEGREE DAYS
 HEATING
  YESTERDAY        4                         5     -1        4
  MONTH TO DATE   43                        64    -21       21
  SINCE SEP 1     43                        64    -21       21
  SINCE JUL 1     43                        75    -32       24

 COOLING
  YESTERDAY        0                         1     -1        0
  MONTH TO DATE   84                        76      8       78
  SINCE SEP 1     84                        76      8       78
  SINCE JAN 1    960                       775    185      916
...................................................................


WIND (MPH)
  HIGHEST WIND SPEED    17   HIGHEST WIND DIRECTION    SW (240)
  HIGHEST GUST SPEED    22   HIGHEST GUST DIRECTION    SW (240)
  AVERAGE WIND SPEED     4.9


SKY COVER
  AVERAGE SKY COVER 0.7


RELATIVE HUMIDITY (PERCENT)
 HIGHEST    93           900 PM
 LOWEST     63           300 PM
 AVERAGE    78

..........................................................


THE AVOCA PA CLIMATE NORMALS FOR TODAY
                         NORMAL    RECORD    YEAR
 MAXIMUM TEMPERATURE (F)   71        91      2017
 MINIMUM TEMPERATURE (F)   50        34      1932
                                             1943
                                             1947


SUNRISE AND SUNSET
SEPTEMBER 26 2022.....SUNRISE   654 AM EDT   SUNSET   653 PM EDT
SEPTEMBER 27 2022.....SUNRISE   656 AM EDT   SUNSET   651 PM EDT


-  INDICATES NEGATIVE NUMBERS.
R  INDICATES RECORD WAS SET OR TIED.
MM INDICATES DATA IS MISSING.
T  INDICATES TRACE AMOUNT.




$$
