000
CDUS43 KGRR 020527
CLIAZO

CLIMATE REPORT
NATIONAL WEATHER SERVICE GRAND RAPIDS, MICHIGAN
127 AM EDT SUN OCT 02 2022

...................................

...THE KALAMAZOO CLIMATE SUMMARY FOR OCTOBER 1 2022...

CLIMATE NORMAL PERIOD: 1991 TO 2020
CLIMATE RECORD PERIOD: 1887 TO 2022


WEATHER ITEM   OBSERVED TIME   RECORD YEAR NORMAL DEPARTURE LAST
                VALUE   (LST)  VALUE       VALUE  FROM      YEAR
                                                  NORMAL
...................................................................
TEMPERATURE (F)
 YESTERDAY
  MAXIMUM         72   3:27 PM  89    1897  68      4       80
  MINIMUM         40   6:23 AM  26    1899  47     -7       49
                                      1918
  AVERAGE         56                        57     -1       65

PRECIPITATION (IN)
  YESTERDAY        0.00          1.02 1945   0.12  -0.12     0.00
  MONTH TO DATE    0.00                      0.12  -0.12     0.00
  SINCE SEP 1      1.81                      3.39  -1.58     3.11
  SINCE JAN 1     24.40                     25.43  -1.03    27.03

SNOWFALL (IN)
  YESTERDAY        0.0
  MONTH TO DATE    0.0
  SINCE SEP 1      0.0
  SNOW DEPTH       0

DEGREE DAYS
 HEATING
  YESTERDAY        9                         8      1        0
  MONTH TO DATE    9                         8      1        0
  SINCE SEP 1    105                       128    -23       38
  SINCE JUL 1    109                       146    -37       38

 COOLING
  YESTERDAY        0                         1     -1        0
  MONTH TO DATE    0                         1     -1        0
  SINCE SEP 1    119                        70     49      110
  SINCE JAN 1    961                       702    259     1027
...................................................................


WIND (MPH)
  RESULTANT WIND SPEED   6   RESULTANT WIND DIRECTION   N (20)
  HIGHEST WIND SPEED    15   HIGHEST WIND DIRECTION    NE (30)
  HIGHEST GUST SPEED    22   HIGHEST GUST DIRECTION     N (20)
  AVERAGE WIND SPEED     5.8


SKY COVER
  AVERAGE SKY COVER 0.0


WEATHER CONDITIONS
THE FOLLOWING WEATHER WAS RECORDED YESTERDAY.
  FOG
  HAZE


RELATIVE HUMIDITY (PERCENT)
 HIGHEST    96           3:00 AM
 LOWEST     32           3:00 PM
 AVERAGE    64

..........................................................


THE KALAMAZOO CLIMATE NORMALS FOR TODAY
                         NORMAL    RECORD    YEAR
 MAXIMUM TEMPERATURE (F)   68        89      1897
 MINIMUM TEMPERATURE (F)   47        28      2003


SUNRISE AND SUNSET
OCTOBER  2 2022.......SUNRISE   7:40 AM EDT   SUNSET   7:22 PM EDT
OCTOBER  3 2022.......SUNRISE   7:41 AM EDT   SUNSET   7:20 PM EDT


-  INDICATES NEGATIVE NUMBERS.
R  INDICATES RECORD WAS SET OR TIED.
MM INDICATES DATA IS MISSING.
T  INDICATES TRACE AMOUNT.




$$
