000
CDUS43 KLBF 020710
CLIBBW

CLIMATE REPORT
NATIONAL WEATHER SERVICE NORTH PLATTE NE
210 AM CDT SUN OCT 02 2022

...................................

...THE BROKEN BOW  CLIMATE SUMMARY FOR OCTOBER 1 2022...

CLIMATE NORMAL PERIOD 1991 TO 2020
CLIMATE RECORD PERIOD 1894 TO 2022


WEATHER ITEM   OBSERVED TIME   RECORD YEAR NORMAL DEPARTURE LAST
                VALUE   (LST)  VALUE       VALUE  FROM      YEAR
                                                  NORMAL
...................................................................
TEMPERATURE (F)
 YESTERDAY
  MAXIMUM         87    347 PM  97    1951  72     15       66
  MINIMUM         49    558 AM  19    1984  44      5       48
  AVERAGE         68                        58     10       57

PRECIPITATION (IN)
  YESTERDAY        0.00          1.62 1977   0.08  -0.08     0.00
  MONTH TO DATE    0.00                      0.08  -0.08     0.00
  SINCE SEP 1      0.87                      2.29  -1.42     1.86
  SINCE JAN 1     15.35                     20.17  -4.82    18.52

SNOWFALL (IN)
  YESTERDAY       MM
  SNOW DEPTH      MM

DEGREE DAYS
 HEATING
  YESTERDAY        0                         8     -8        8
  MONTH TO DATE    0                         8     -8        8
  SINCE SEP 1     54                       125    -71       59

 COOLING
  YESTERDAY        3                         1      2        0
  MONTH TO DATE    3                         1      2        0
  SINCE SEP 1    135                        95     40      123
  SINCE JAN 1   1117                       905    212      999
...................................................................


WIND (MPH)
  HIGHEST WIND SPEED    24   HIGHEST WIND DIRECTION    SE (150)
  HIGHEST GUST SPEED    34   HIGHEST GUST DIRECTION    SE (150)
  AVERAGE WIND SPEED    11.3


WEATHER CONDITIONS
THE FOLLOWING WEATHER WAS RECORDED YESTERDAY.
  NO SIGNIFICANT WEATHER WAS OBSERVED.


RELATIVE HUMIDITY (PERCENT)
 HIGHEST    80           600 AM
 LOWEST     24           400 PM
 AVERAGE    52

..........................................................


THE BROKEN BOW  CLIMATE NORMALS FOR TODAY
                         NORMAL    RECORD    YEAR
 MAXIMUM TEMPERATURE (F)   71        95      1938
 MINIMUM TEMPERATURE (F)   43        24      1999


SUNRISE AND SUNSET
OCTOBER  2 2022.......SUNRISE   736 AM CDT   SUNSET   719 PM CDT
OCTOBER  3 2022.......SUNRISE   737 AM CDT   SUNSET   717 PM CDT


-  INDICATES NEGATIVE NUMBERS.
R  INDICATES RECORD WAS SET OR TIED.
MM INDICATES DATA IS MISSING.
T  INDICATES TRACE AMOUNT.

&&

...SNOWFALL AND SNOW DEPTH ARE UNAVAILABLE AT THIS LOCATION...


$$
