000
CDUS43 KFGF 052144
CLIBDE

CLIMATE REPORT
NATIONAL WEATHER SERVICE GRAND FORKS
444 PM CDT WED OCT 05 2022

...................................

...THE BAUDETTE MN CLIMATE SUMMARY FOR OCTOBER 5 2022...
VALID TODAY AS OF 0445 PM LOCAL TIME.

CLIMATE NORMAL PERIOD 1991 TO 2020
CLIMATE RECORD PERIOD 1908 TO 2022


WEATHER ITEM   OBSERVED TIME   RECORD YEAR NORMAL DEPARTURE LAST
                VALUE   (LST)  VALUE       VALUE  FROM      YEAR
                                                  NORMAL
...................................................................
TEMPERATURE (F)
 TODAY
  MAXIMUM         74    156 PM  83    2011  57     17       77
  MINIMUM         50    714 AM  15    1988  38     12       46
  AVERAGE         62                        48     14       62

PRECIPITATION (IN)
  TODAY            T             1.64 2005   0.09  -0.09     0.00
  MONTH TO DATE    T                         0.46  -0.46     0.00
  SINCE SEP 1      1.11                      3.59  -2.48     3.76
  SINCE JAN 1     15.62                     20.28  -4.66    17.69

DEGREE DAYS
 HEATING
  TODAY            3                        18    -15        3
  MONTH TO DATE   19                        84    -65       28
  SINCE SEP 1    215                       376   -161      169
  SINCE JUL 1    254                       499   -245      234

 COOLING
  TODAY            0                         0      0        0
  MONTH TO DATE    0                         0      0        0
  SINCE SEP 1     18                        15      3       25
  SINCE JAN 1    338                       226    112      464
...................................................................


WIND (MPH)
  HIGHEST WIND SPEED    25   HIGHEST WIND DIRECTION    NW (310)
  HIGHEST GUST SPEED    34   HIGHEST GUST DIRECTION    NW (310)
  AVERAGE WIND SPEED     6.5


SKY COVER
  POSSIBLE SUNSHINE  MM
  AVERAGE SKY COVER 0.5


WEATHER CONDITIONS
THE FOLLOWING WEATHER WAS RECORDED TODAY.
  FOG


RELATIVE HUMIDITY (PERCENT)
 HIGHEST    93           200 AM
 LOWEST     50           200 PM
 AVERAGE    72

..........................................................


THE BAUDETTE MN CLIMATE NORMALS FOR TOMORROW
                         NORMAL    RECORD    YEAR
 MAXIMUM TEMPERATURE (F)   57        83      1920
 MINIMUM TEMPERATURE (F)   38        20      2001


SUNRISE AND SUNSET
OCTOBER  5 2022.......SUNRISE   724 AM CDT   SUNSET   649 PM CDT
OCTOBER  6 2022.......SUNRISE   725 AM CDT   SUNSET   647 PM CDT


-  INDICATES NEGATIVE NUMBERS.
R  INDICATES RECORD WAS SET OR TIED.
MM INDICATES DATA IS MISSING.
T  INDICATES TRACE AMOUNT.




$$
