000
CDAK48 PAFC 291127
CLIBET

CLIMATE REPORT
NATIONAL WEATHER SERVICE ANCHORAGE, AK
327 AM AKDT THU SEP 29 2022

...................................

...THE BETHEL CLIMATE SUMMARY FOR SEPTEMBER 28 2022...

CLIMATE NORMAL PERIOD: 1991 TO 2020
CLIMATE RECORD PERIOD: 1948 TO 2022


WEATHER ITEM   OBSERVED TIME   RECORD YEAR NORMAL DEPARTURE LAST
                VALUE   (LST)  VALUE       VALUE  FROM      YEAR
                                                  NORMAL
...................................................................
TEMPERATURE (F)
 YESTERDAY
  MAXIMUM         53   3:48 PM  68    2018  47      6       47
  MINIMUM         40   1:19 AM  18    1927  34      6       28
                                      1970
  AVERAGE         47                        41      6       38

PRECIPITATION (IN)
  YESTERDAY        0.52          1.97 1971   0.09   0.43      T
  MONTH TO DATE    5.37                      2.72   2.65     1.80
  SINCE SEP 1      5.37                      2.72   2.65     1.80
  SINCE JAN 1     17.55                     14.81   2.74    11.71

DEGREE DAYS
 HEATING
  YESTERDAY       18                        24     -6       27
  MONTH TO DATE  497                       519    -22      559
  SINCE SEP 1    497                       519    -22      559
  SINCE JUL 1   1170                      1137     33     1245

 COOLING
  YESTERDAY        0                         0      0        0
  MONTH TO DATE    0                         0      0        0
  SINCE SEP 1      0                         0      0        0
  SINCE JAN 1      8                         6      2        3
...................................................................


WIND (MPH)
  RESULTANT WIND SPEED   8   RESULTANT WIND DIRECTION  NE (50)
  HIGHEST WIND SPEED    20   HIGHEST WIND DIRECTION    NE (40)
  HIGHEST GUST SPEED    26   HIGHEST GUST DIRECTION    NE (40)
  AVERAGE WIND SPEED     9.2


SKY COVER
  AVERAGE SKY COVER 1.0


WEATHER CONDITIONS
THE FOLLOWING WEATHER WAS RECORDED YESTERDAY.
  LIGHT RAIN
  FOG


RELATIVE HUMIDITY (PERCENT)
 HIGHEST    96
 LOWEST     77
 AVERAGE    87

..........................................................


THE BETHEL CLIMATE NORMALS FOR TODAY
                         NORMAL    RECORD    YEAR
 MAXIMUM TEMPERATURE (F)   47        67      2018
 MINIMUM TEMPERATURE (F)   34        19      1992


SUNRISE AND SUNSET
SEPTEMBER 29 2022.....SUNRISE   8:49 AM AKDT  SUNSET   8:24 PM AKDT
SEPTEMBER 30 2022.....SUNRISE   8:52 AM AKDT  SUNSET   8:21 PM AKDT


-  INDICATES NEGATIVE NUMBERS.
R  INDICATES RECORD WAS SET OR TIED.
MM INDICATES DATA IS MISSING.
T  INDICATES TRACE AMOUNT.




$$
