000
CDUS41 KCTP 010615
CLIBFD

CLIMATE REPORT
NATIONAL WEATHER SERVICE STATE COLLEGE PA
215 AM EDT SAT OCT 01 2022

...................................

...THE BRADFORD CLIMATE SUMMARY FOR SEPTEMBER 30 2022...

CLIMATE NORMAL PERIOD 1991 TO 2020
CLIMATE RECORD PERIOD 1957 TO 2022


WEATHER ITEM   OBSERVED TIME   RECORD YEAR NORMAL DEPARTURE LAST
                VALUE   (LST)  VALUE       VALUE  FROM      YEAR
                                                  NORMAL
...................................................................
TEMPERATURE (F)
 YESTERDAY
  MAXIMUM         59    332 PM  81    1986  65     -6       59
  MINIMUM         30    630 AM  27    1963  43    -13       38
  AVERAGE         45                        54     -9       49

PRECIPITATION (IN)
  YESTERDAY        0.00          1.13 2010   0.12  -0.12     0.00
  MONTH TO DATE    4.40                      3.65   0.75     3.42
  SINCE SEP 1      4.40                      3.65   0.75     3.42
  SINCE JAN 1     32.57                     31.50   1.07    30.12

DEGREE DAYS
 HEATING
  YESTERDAY       20                        11      9       16
  MONTH TO DATE  159                       209    -50      158
  SINCE SEP 1    159                       209    -50      158
  SINCE JUL 1    188                       312   -124      216

 COOLING
  YESTERDAY        0                         0      0        0
  MONTH TO DATE   30                        26      4       22
  SINCE SEP 1     30                        26      4       22
  SINCE JAN 1    388                       279    109      417
...................................................................


WIND (MPH)
  HIGHEST WIND SPEED    10   HIGHEST WIND DIRECTION     E (70)
  HIGHEST GUST SPEED    13   HIGHEST GUST DIRECTION    NE (40)
  AVERAGE WIND SPEED     3.4


SKY COVER
  POSSIBLE SUNSHINE  MM
  AVERAGE SKY COVER 0.0


WEATHER CONDITIONS
THE FOLLOWING WEATHER WAS RECORDED YESTERDAY.
  FOG


RELATIVE HUMIDITY (PERCENT)
 HIGHEST    92           800 AM
 LOWEST     49           100 PM
 AVERAGE    71

..........................................................


THE BRADFORD CLIMATE NORMALS FOR TODAY
                         NORMAL    RECORD    YEAR
 MAXIMUM TEMPERATURE (F)   64        84      2019
 MINIMUM TEMPERATURE (F)   43        27      1972
                                             2017


SUNRISE AND SUNSET
OCTOBER  1 2022.......SUNRISE   711 AM EDT   SUNSET   656 PM EDT
OCTOBER  2 2022.......SUNRISE   713 AM EDT   SUNSET   654 PM EDT


-  INDICATES NEGATIVE NUMBERS.
R  INDICATES RECORD WAS SET OR TIED.
MM INDICATES DATA IS MISSING.
T  INDICATES TRACE AMOUNT.




$$
