000
CDUS45 KCYS 060734
CLIBFF

CLIMATE REPORT
NATIONAL WEATHER SERVICE CHEYENNE WY
134 AM MDT THU OCT 06 2022

...................................

...THE SCOTTSBLUFF NE AIRPORT CLIMATE SUMMARY FOR OCTOBER 5 2022...

CLIMATE NORMAL PERIOD 1991 TO 2020
CLIMATE RECORD PERIOD 1871 TO 2022


WEATHER ITEM   OBSERVED TIME   RECORD YEAR NORMAL DEPARTURE LAST
                VALUE   (LST)  VALUE       VALUE  FROM      YEAR
                                                  NORMAL
...................................................................
TEMPERATURE (F)
 YESTERDAY
  MAXIMUM         76    335 PM  90    1947  70      6       88
  MINIMUM         42    618 AM  19    1932  38      4       44
  AVERAGE         59                        54      5       66

PRECIPITATION (IN)
  YESTERDAY        0.00          1.10 1994   0.04  -0.04     0.00
  MONTH TO DATE    0.18                      0.23  -0.05     0.00
  SINCE SEP 1      1.03                      1.45  -0.42     0.50
  SINCE JAN 1      8.32                     13.54  -5.22    10.01

SNOWFALL (IN)
  YESTERDAY        0.0           1.7  2012   0.0    0.0      0.0
  MONTH TO DATE    0.0                       0.3   -0.3      0.0
  SINCE SEP 1      0.0                       0.6   -0.6      0.0
  SINCE JUL 1      0.0                       0.6   -0.6      0.0
  SNOW DEPTH       0

DEGREE DAYS
 HEATING
  YESTERDAY        6                        11     -5        0
  MONTH TO DATE   22                        50    -28       27
  SINCE SEP 1     77                       176    -99       81
  SINCE JUL 1     77                       192   -115       81

 COOLING
  YESTERDAY        0                         0      0        1
  MONTH TO DATE    0                         0      0        1
  SINCE SEP 1    145                        81     64      139
  SINCE JAN 1   1193                       851    342     1092
...................................................................


WIND (MPH)
  HIGHEST WIND SPEED    14   HIGHEST WIND DIRECTION     W (290)
  HIGHEST GUST SPEED    20   HIGHEST GUST DIRECTION    NW (330)
  AVERAGE WIND SPEED     7.4


SKY COVER
  POSSIBLE SUNSHINE  MM
  AVERAGE SKY COVER 0.0


WEATHER CONDITIONS
THE FOLLOWING WEATHER WAS RECORDED YESTERDAY.
  NO SIGNIFICANT WEATHER WAS OBSERVED.


RELATIVE HUMIDITY (PERCENT)
 HIGHEST    90          1200 AM
 LOWEST     26           400 PM
 AVERAGE    58

..........................................................


THE SCOTTSBLUFF NE AIRPORT CLIMATE NORMALS FOR TODAY
                         NORMAL    RECORD    YEAR
 MAXIMUM TEMPERATURE (F)   70        91      1975
 MINIMUM TEMPERATURE (F)   38        13      1952


SUNRISE AND SUNSET
OCTOBER  6 2022.......SUNRISE   657 AM MDT   SUNSET   627 PM MDT
OCTOBER  7 2022.......SUNRISE   658 AM MDT   SUNSET   626 PM MDT


-  INDICATES NEGATIVE NUMBERS.
R  INDICATES RECORD WAS SET OR TIED.
MM INDICATES DATA IS MISSING.
T  INDICATES TRACE AMOUNT.




$$
