000
CDUS46 KHNX 290828
CLIBFL

CLIMATE REPORT
NATIONAL WEATHER SERVICE
128 AM PDT THU SEP 29 2022

...................................

...THE BAKERSFIELD CA CLIMATE SUMMARY FOR SEPTEMBER 28 2022...

CLIMATE NORMAL PERIOD 1991 TO 2020
CLIMATE RECORD PERIOD 1889 TO 2022


WEATHER ITEM   OBSERVED TIME   RECORD YEAR NORMAL DEPARTURE LAST
                VALUE   (LST)  VALUE       VALUE  FROM      YEAR
                                                  NORMAL
...................................................................
TEMPERATURE (F)
 YESTERDAY
  MAXIMUM         93    307 PM 102    1916  88      5       74
                                      1917
  MINIMUM         68    522 AM  33    1908  62      6       60
  AVERAGE         81                        75      6       67

PRECIPITATION (IN)
  YESTERDAY        0.00          0.17 1932   0.01  -0.01     0.00
  MONTH TO DATE    0.00                      0.05  -0.05      T
  SINCE OCT 1      5.41                      6.36  -0.95     2.77
  SINCE JAN 1      1.86                      4.47  -2.61     2.03

SNOWFALL (IN)
  YESTERDAY        0.0           0.0  2007   0.0
  MONTH TO DATE    0.0                       0.0
  SINCE SEP 1      0.0                       0.0
  SINCE JUL 1      0.0                       0.0

DEGREE DAYS
 HEATING
  YESTERDAY        0                         0      0        0
  MONTH TO DATE    0                         0      0        0
  SINCE SEP 1      0                         0      0        0
  SINCE JUL 1      0                         0      0        0

 COOLING
  YESTERDAY       16                        10      6        2
  MONTH TO DATE  505                       378    127      454
  SINCE SEP 1    505                       378    127      454
  SINCE JAN 1   2725                      2267    458     2847
...................................................................


WIND (MPH)
  RESULTANT WIND SPEED   1   RESULTANT WIND DIRECTION  NW (330)
  HIGHEST WIND SPEED    10   HIGHEST WIND DIRECTION    NW (310)
  HIGHEST GUST SPEED    14   HIGHEST GUST DIRECTION    NW (310)
  AVERAGE WIND SPEED     3.7


RELATIVE HUMIDITY (PERCENT)
 HIGHEST    63
 LOWEST     28
 AVERAGE    46

..........................................................


THE BAKERSFIELD CA CLIMATE NORMALS FOR TODAY
                         NORMAL    RECORD    YEAR
 MAXIMUM TEMPERATURE (F)   87       105      1992
 MINIMUM TEMPERATURE (F)   61        32      1908


SUNRISE AND SUNSET
SEPTEMBER 29 2022.....SUNRISE   650 AM PDT   SUNSET   643 PM PDT
SEPTEMBER 30 2022.....SUNRISE   650 AM PDT   SUNSET   641 PM PDT


-  INDICATES NEGATIVE NUMBERS.
R  INDICATES RECORD WAS SET OR TIED.
MM INDICATES DATA IS MISSING.
T  INDICATES TRACE AMOUNT.




$$
