000
CDUS44 KAMA 020631
CLIBGD

CLIMATE REPORT
NATIONAL WEATHER SERVICE AMARILLO
131 AM CDT SUN OCT 02 2022

...................................

...THE BORGER CLIMATE SUMMARY FOR OCTOBER 1 2022...

CLIMATE NORMAL PERIOD: 1991 TO 2020
CLIMATE RECORD PERIOD: 1949 TO 2022


WEATHER ITEM   OBSERVED TIME   RECORD YEAR NORMAL DEPARTURE LAST
                VALUE   (LST)  VALUE       VALUE  FROM      YEAR
                                                  NORMAL
...................................................................
TEMPERATURE (F)
 YESTERDAY
  MAXIMUM         89   3:36 PM  97    2000  80      9       66
  MINIMUM         60   6:50 AM  37    1965  55      5       59
  AVERAGE         75                        68      7       63

PRECIPITATION (IN)
  YESTERDAY        0.00          1.56 2019   0.06  -0.06     0.45
  MONTH TO DATE    0.00                      0.06  -0.06     0.45
  SINCE SEP 1      0.93                      1.73  -0.80     0.68
  SINCE JAN 1     10.12                     15.63  -5.51    14.23

SNOWFALL (IN)
  YESTERDAY       MM             0.0  2011                  MM
                                      2012
                                      2013
  MONTH TO DATE   MM                                        MM
  SINCE SEP 1     MM                                        MM
  SINCE JUL 1     MM                                        MM
  SNOW DEPTH      MM

DEGREE DAYS
 HEATING
  YESTERDAY        0                         2     -2        2
  MONTH TO DATE    0                         2     -2        2
  SINCE SEP 1      1                        23    -22        3
  SINCE JUL 1      1                        24    -23        3

 COOLING
  YESTERDAY       10                         5      5        0
  MONTH TO DATE   10                         5      5        0
  SINCE SEP 1    413                       269    144      409
  SINCE JAN 1   2539                      1982    557     2258
...................................................................


WIND (MPH)
  RESULTANT WIND SPEED  10   RESULTANT WIND DIRECTION  SE (140)
  HIGHEST WIND SPEED    20   HIGHEST WIND DIRECTION    SE (140)
  HIGHEST GUST SPEED    29   HIGHEST GUST DIRECTION    SE (150)
  AVERAGE WIND SPEED    11.2


SKY COVER
  AVERAGE SKY COVER 0.0


WEATHER CONDITIONS
THE FOLLOWING WEATHER WAS RECORDED YESTERDAY.
  NO SIGNIFICANT WEATHER WAS OBSERVED.


RELATIVE HUMIDITY (PERCENT)
 HIGHEST    54           7:00 AM
 LOWEST     18           4:00 PM
 AVERAGE    36

..........................................................


THE BORGER CLIMATE NORMALS FOR TODAY
                         NORMAL    RECORD    YEAR
 MAXIMUM TEMPERATURE (F)   79        94      1963
                                             1973
                                             2006
 MINIMUM TEMPERATURE (F)   55        37      1961


SUNRISE AND SUNSET
OCTOBER  2 2022.......SUNRISE   7:41 AM CDT   SUNSET   7:28 PM CDT
OCTOBER  3 2022.......SUNRISE   7:42 AM CDT   SUNSET   7:26 PM CDT


-  INDICATES NEGATIVE NUMBERS.
R  INDICATES RECORD WAS SET OR TIED.
MM INDICATES DATA IS MISSING.
T  INDICATES TRACE AMOUNT.




$$
