000
CDUS41 KCAR 260545
CLIBGR

CLIMATE REPORT
NATIONAL WEATHER SERVICE CARIBOU ME
145 AM EDT MON SEP 26 2022

...................................

...THE BANGOR ME CLIMATE SUMMARY FOR SEPTEMBER 25 2022...

CLIMATE NORMAL PERIOD: 1991 TO 2020
CLIMATE RECORD PERIOD: 1925 TO 2022


WEATHER ITEM   OBSERVED TIME   RECORD YEAR NORMAL DEPARTURE LAST
                VALUE   (LST)  VALUE       VALUE  FROM      YEAR
                                                  NORMAL
...................................................................
TEMPERATURE (F)
 YESTERDAY
  MAXIMUM         66  12:44 PM  88    1930  67     -1       69
                                      2017
  MINIMUM         42   5:12 AM  27    1944  45     -3       61
  AVERAGE         54                        56     -2       65

PRECIPITATION (IN)
  YESTERDAY        0.55          2.10 1991   0.13   0.42     0.88
  MONTH TO DATE    4.70                      3.06   1.64     6.98
  SINCE SEP 1      4.70                      3.06   1.64     6.98
  SINCE JAN 1     30.06                     28.87   1.19    27.99

SNOWFALL (IN)
  YESTERDAY        0.0           0.0  2001   0.0    0.0      0.0
                                      2002
  MONTH TO DATE    0.0                       0.0    0.0      0.0
  SINCE SEP 1      0.0                       0.0    0.0      0.0
  SINCE JUL 1      0.0                       0.0    0.0      0.0
  SNOW DEPTH       0

DEGREE DAYS
 HEATING
  YESTERDAY       11                         9      2        0
  MONTH TO DATE  126                       132     -6       63
  SINCE SEP 1    126                       132     -6       63
  SINCE JUL 1    131                       174    -43      114

 COOLING
  YESTERDAY        0                         0      0        0
  MONTH TO DATE   28                        31     -3       24
  SINCE SEP 1     28                        31     -3       24
  SINCE JAN 1    485                       377    108      467
...................................................................


WIND (MPH)
  RESULTANT WIND SPEED   5   RESULTANT WIND DIRECTION   S (180)
  HIGHEST WIND SPEED    15   HIGHEST WIND DIRECTION     S (170)
  HIGHEST GUST SPEED    21   HIGHEST GUST DIRECTION     S (170)


SKY COVER
  POSSIBLE SUNSHINE  MM
  AVERAGE SKY COVER 0.6


WEATHER CONDITIONS
THE FOLLOWING WEATHER WAS RECORDED YESTERDAY.
  THUNDERSTORM
  HEAVY RAIN
  RAIN
  LIGHT RAIN
  FOG


RELATIVE HUMIDITY (PERCENT)
 HIGHEST   100
 LOWEST     50
 AVERAGE    75

..........................................................


THE BANGOR ME CLIMATE NORMALS FOR TODAY
                         NORMAL    RECORD    YEAR
 MAXIMUM TEMPERATURE (F)   67        91      2007
 MINIMUM TEMPERATURE (F)   45        29      2009


SUNRISE AND SUNSET
SEPTEMBER 26 2022.....SUNRISE   6:27 AM EDT   SUNSET   6:25 PM EDT
SEPTEMBER 27 2022.....SUNRISE   6:28 AM EDT   SUNSET   6:23 PM EDT


-  INDICATES NEGATIVE NUMBERS.
*  INDICATES RECORD WAS SET OR TIED.
MM INDICATES DATA IS MISSING.
T  INDICATES TRACE AMOUNT.




$$
