000
CDUS44 KBMX 260748
CLIBHM

CLIMATE REPORT
NATIONAL WEATHER SERVICE BIRMINGHAM AL
248 AM CDT MON SEP 26 2022

...................................

...THE BIRMINGHAM CLIMATE SUMMARY FOR SEPTEMBER 25 2022...

CLIMATE NORMAL PERIOD 1991 TO 2020
CLIMATE RECORD PERIOD 1895 TO 2022


WEATHER ITEM   OBSERVED TIME   RECORD YEAR NORMAL DEPARTURE LAST
                VALUE   (LST)  VALUE       VALUE  FROM      YEAR
                                                  NORMAL
...................................................................
TEMPERATURE (F)
 YESTERDAY
  MAXIMUM         84    324 PM  98    2016  84      0       79
  MINIMUM         68   1126 PM  43    1965  62      6       53
                                      1990
  AVERAGE         76                        73      3       66

PRECIPITATION (IN)
  YESTERDAY        0.03          2.50 1921   0.12  -0.09     0.00
  MONTH TO DATE    2.16                      3.34  -1.18     1.54
  SINCE SEP 1      2.16                      3.34  -1.18     1.54
  SINCE JAN 1     51.67                     43.52   8.15    54.11

DEGREE DAYS
 HEATING
  YESTERDAY        0                         0      0        0
  MONTH TO DATE    0                         0      0        3
  SINCE SEP 1      0                         0      0        3
  SINCE JUL 1      0                         0      0        3

 COOLING
  YESTERDAY       11                         8      3        1
  MONTH TO DATE  276                       286    -10      237
  SINCE SEP 1    276                       286    -10      237
  SINCE JAN 1   2249                      2018    231     1884
...................................................................


WIND (MPH)
  HIGHEST WIND SPEED    17   HIGHEST WIND DIRECTION    NW (330)
  HIGHEST GUST SPEED    21   HIGHEST GUST DIRECTION    NW (310)
  AVERAGE WIND SPEED     4.1


SKY COVER
  AVERAGE SKY COVER 0.6


WEATHER CONDITIONS
THE FOLLOWING WEATHER WAS RECORDED YESTERDAY.
  FOG


RELATIVE HUMIDITY (PERCENT)
 HIGHEST    93          1100 PM
 LOWEST     53           200 AM
 AVERAGE    73

..........................................................


THE BIRMINGHAM CLIMATE NORMALS FOR TODAY
                         NORMAL    RECORD    YEAR
 MAXIMUM TEMPERATURE (F)   83        96      2019
 MINIMUM TEMPERATURE (F)   62        41      2001


SUNRISE AND SUNSET
SEPTEMBER 26 2022.....SUNRISE   638 AM CDT   SUNSET   638 PM CDT
SEPTEMBER 27 2022.....SUNRISE   639 AM CDT   SUNSET   637 PM CDT


-  INDICATES NEGATIVE NUMBERS.
R  INDICATES RECORD WAS SET OR TIED.
MM INDICATES DATA IS MISSING.
T  INDICATES TRACE AMOUNT.




$$
