000
CDUS45 KVEF 060028
CLIBIH

CLIMATE REPORT
NATIONAL WEATHER SERVICE LAS VEGAS, NV
528 PM PDT WED OCT 05 2022

...................................

...THE BISHOP CA CLIMATE SUMMARY FOR OCTOBER 5 2022...
VALID TODAY AS OF 0500 PM LOCAL TIME.

CLIMATE NORMAL PERIOD: 1991 TO 2020
CLIMATE RECORD PERIOD: 1943 TO 2022


WEATHER ITEM   OBSERVED TIME   RECORD YEAR NORMAL DEPARTURE LAST
                VALUE   (LST)  VALUE       VALUE  FROM      YEAR
                                                  NORMAL
...................................................................
TEMPERATURE (F)
 TODAY
  MAXIMUM         89   3:09 PM  94    1980  82      7       82
                                      1987
  MINIMUM         42   6:08 AM  22    2009  41      1       41
  AVERAGE         66                        62      4       62

PRECIPITATION (IN)
  TODAY            0.00          0.74 2011   0.02  -0.02     0.00
  MONTH TO DATE    0.00                      0.06  -0.06     0.00
  SINCE OCT 1      0.00                      0.06  -0.06     0.00
  SINCE JAN 1      2.23                      3.58  -1.35     1.48

SNOWFALL (IN)
  TODAY            0.0          MM      MM  MM     MM        0.0
  MONTH TO DATE    0.0                       0.0    0.0      0.0
  SINCE SEP 1      0.0                      MM     MM        0.0
  SINCE JUL 1      0.0                      MM     MM        0.0
  SNOW DEPTH       0

DEGREE DAYS
 HEATING
  TODAY            0                         4     -4        3
  MONTH TO DATE    0                        18    -18       23
  SINCE SEP 1      6                        48    -42       35
  SINCE JUL 1      6                        49    -43       35

 COOLING
  TODAY            1                         1      0        0
  MONTH TO DATE    5                         5      0        0
  SINCE SEP 1    244                       143    101      201
  SINCE JAN 1   1513                      1204    309     1597
...................................................................


WIND (MPH)
  RESULTANT WIND SPEED   1   RESULTANT WIND DIRECTION  NW (300)
  HIGHEST WIND SPEED    10   HIGHEST WIND DIRECTION     S (170)
  HIGHEST GUST SPEED    14   HIGHEST GUST DIRECTION     S (170)
  AVERAGE WIND SPEED     4.7


SKY COVER
  AVERAGE SKY COVER 0.0


WEATHER CONDITIONS
THE FOLLOWING WEATHER WAS RECORDED TODAY.
  NO SIGNIFICANT WEATHER WAS OBSERVED.


RELATIVE HUMIDITY (PERCENT)
 HIGHEST    55           5:00 AM
 LOWEST     11           3:00 PM
 AVERAGE    33

..........................................................


THE BISHOP CA CLIMATE NORMALS FOR TOMORROW
                         NORMAL    RECORD    YEAR
 MAXIMUM TEMPERATURE (F)   82        93      1964
                                             1980
 MINIMUM TEMPERATURE (F)   41        26      1957


SUNRISE AND SUNSET
OCTOBER  5 2022.......SUNRISE   6:52 AM PDT   SUNSET   6:30 PM PDT
OCTOBER  6 2022.......SUNRISE   6:53 AM PDT   SUNSET   6:29 PM PDT


-  INDICATES NEGATIVE NUMBERS.
R  INDICATES RECORD WAS SET OR TIED.
MM INDICATES DATA IS MISSING.
T  INDICATES TRACE AMOUNT.




$$
