000
CDUS45 KBYZ 061734
CLIBIL

CLIMATE REPORT
NATIONAL WEATHER SERVICE BILLINGS MT
1134 AM MDT THU OCT 06 2022

...................................

...THE BILLINGS MT CLIMATE SUMMARY FOR OCTOBER 6 2022...
VALID AS OF 1100 AM LOCAL TIME.

CLIMATE NORMAL PERIOD 1991 TO 2020
CLIMATE RECORD PERIOD 1934 TO 2022


WEATHER ITEM   OBSERVED TIME   RECORD YEAR NORMAL DEPARTURE LAST
                VALUE   (LST)  VALUE       VALUE  FROM      YEAR
                                                  NORMAL
...................................................................
TEMPERATURE (F)
 TODAY
  MAXIMUM         54   1215 AM  88    2020  64    -10       77
  MINIMUM         45    802 AM  20    2005  41      4       56
  AVERAGE         50                        52     -2       67

PRECIPITATION (IN)
  TODAY            0.00          0.72 2007   0.05  -0.05     0.00
  MONTH TO DATE    0.39                      0.32   0.07     0.00
  SINCE OCT 1      0.39                      0.32   0.07     0.00
  SINCE JAN 1     13.62                     12.09   1.53     7.37

SNOWFALL (IN)
  TODAY            0.0           3.5  1990   0.1   -0.1      0.0
  MONTH TO DATE    0.0                       0.6   -0.6      0.0
  SINCE SEP 1      T                         0.9   -0.9      0.0
  SINCE JUL 1      T                         0.9   -0.9      0.0
  SNOW DEPTH       0

DEGREE DAYS
 HEATING
  TODAY           15                        13      2        0
  MONTH TO DATE   53                        71    -18        8
  SINCE SEP 1    119                       239   -120       88
  SINCE JUL 1    125                       275   -150      123

 COOLING
  TODAY            0                         0      0        2
  MONTH TO DATE    0                         1     -1       12
  SINCE SEP 1    137                        63     74      105
  SINCE JAN 1    910                       658    252     1042
...................................................................


WIND (MPH)
  HIGHEST WIND SPEED    14   HIGHEST WIND DIRECTION    NE (30)
  HIGHEST GUST SPEED    19   HIGHEST GUST DIRECTION     N (10)
  AVERAGE WIND SPEED    10.6


SKY COVER
  AVERAGE SKY COVER 0.6


WEATHER CONDITIONS
THE FOLLOWING WEATHER WAS RECORDED TODAY.
  NO SIGNIFICANT WEATHER WAS OBSERVED.


RELATIVE HUMIDITY (PERCENT)
 HIGHEST    83          1000 AM
 LOWEST     73           400 AM
 AVERAGE    78



-  INDICATES NEGATIVE NUMBERS.
R  INDICATES RECORD WAS SET OR TIED.
MM INDICATES DATA IS MISSING.
T  INDICATES TRACE AMOUNT.




$$
