000
CDUS43 KBIS 060728
CLIBIS

CLIMATE REPORT
NATIONAL WEATHER SERVICE BISMARCK, ND
228 AM CDT THU OCT 06 2022

...................................

...THE BISMARCK ND CLIMATE SUMMARY FOR OCTOBER 5 2022...

CLIMATE NORMAL PERIOD: 1991 TO 2020
CLIMATE RECORD PERIOD: 1875 TO 2022


WEATHER ITEM   OBSERVED TIME   RECORD YEAR NORMAL DEPARTURE LAST
                VALUE   (LST)  VALUE       VALUE  FROM      YEAR
                                                  NORMAL
...................................................................
TEMPERATURE (F)
 YESTERDAY
  MAXIMUM         81   2:50 PM  91    2021  64     17       91
  MINIMUM         43   7:23 AM  18    1935  38      5       53
  AVERAGE         62                        51     11       72

PRECIPITATION (IN)
  YESTERDAY        0.00          1.12 1972   0.05  -0.05     0.00
  MONTH TO DATE    0.05                      0.26  -0.21      T
  SINCE SEP 1      1.02                      1.98  -0.96     1.06
  SINCE JAN 1     13.91                     16.59  -2.68     7.76

SNOWFALL (IN)
  YESTERDAY        0.0           0.9  2005   0.0    0.0      0.0
  MONTH TO DATE    0.0                       0.1   -0.1      0.0
  SINCE SEP 1      0.0                       0.1   -0.1      0.0
  SINCE JUL 1      0.0                       0.1   -0.1      0.0
  SNOW DEPTH       0

DEGREE DAYS
 HEATING
  YESTERDAY        3                        14    -11        0
  MONTH TO DATE   16                        67    -51       15
  SINCE SEP 1    124                       271   -147       64
  SINCE JUL 1    125                       318   -193       70

 COOLING
  YESTERDAY        0                         0      0        7
  MONTH TO DATE    0                         0      0        7
  SINCE SEP 1     71                        44     27       67
  SINCE JAN 1    755                       534    221     1039
...................................................................


WIND (MPH)
  HIGHEST WIND SPEED    25   HIGHEST WIND DIRECTION    NE (30)
  HIGHEST GUST SPEED    34   HIGHEST GUST DIRECTION    NE (40)
  AVERAGE WIND SPEED     9.7


SKY COVER
  AVERAGE SKY COVER 0.2


WEATHER CONDITIONS
THE FOLLOWING WEATHER WAS RECORDED YESTERDAY.
  FOG


RELATIVE HUMIDITY (PERCENT)
 HIGHEST    97           7:00 AM
 LOWEST     34           3:00 PM
 AVERAGE    66

..........................................................


THE BISMARCK ND CLIMATE NORMALS FOR TODAY
                         NORMAL    RECORD    YEAR
 MAXIMUM TEMPERATURE (F)   63        91      1920
 MINIMUM TEMPERATURE (F)   37        19      1991


SUNRISE AND SUNSET
OCTOBER  6 2022.......SUNRISE   7:48 AM CDT   SUNSET   7:13 PM CDT
OCTOBER  7 2022.......SUNRISE   7:50 AM CDT   SUNSET   7:11 PM CDT


-  INDICATES NEGATIVE NUMBERS.
R  INDICATES RECORD WAS SET OR TIED.
MM INDICATES DATA IS MISSING.
T  INDICATES TRACE AMOUNT.




$$
