000
CDUS43 KGRR 260523
CLIBIV

CLIMATE REPORT
NATIONAL WEATHER SERVICE GRAND RAPIDS, MICHIGAN
123 AM EDT MON SEP 26 2022

...................................

...THE HOLLAND CLIMATE SUMMARY FOR SEPTEMBER 25 2022...

CLIMATE NORMAL PERIOD: 1991 TO 2020
CLIMATE RECORD PERIOD: 1905 TO 2022


WEATHER ITEM   OBSERVED TIME   RECORD YEAR NORMAL DEPARTURE LAST
                VALUE   (LST)  VALUE       VALUE  FROM      YEAR
                                                  NORMAL
...................................................................
TEMPERATURE (F)
 YESTERDAY
  MAXIMUM         65   3:22 PM  90    2017  70     -5       66
  MINIMUM         54  10:11 PM  31    1947  49      5       50
  AVERAGE         60                        60      0       58

PRECIPITATION (IN)
  YESTERDAY        0.32          2.60 1961   0.11   0.21     0.24
  MONTH TO DATE    2.15                      2.39  -0.24     1.32
  SINCE SEP 1      2.15                      2.39  -0.24     1.32
  SINCE JAN 1     27.75                     24.67   3.08    17.70

DEGREE DAYS
 HEATING
  YESTERDAY        5                         6     -1        7
  MONTH TO DATE   40                        86    -46       35
  SINCE SEP 1     40                        86    -46       35
  SINCE JUL 1     49                       110    -61       37

 COOLING
  YESTERDAY        0                         1     -1        0
  MONTH TO DATE   73                        58     15       82
  SINCE SEP 1     73                        58     15       82
  SINCE JAN 1    735                       619    116      831
...................................................................


WIND (MPH)
  RESULTANT WIND SPEED   6   RESULTANT WIND DIRECTION  NW (300)
  HIGHEST WIND SPEED    23   HIGHEST WIND DIRECTION    NW (310)
  HIGHEST GUST SPEED    45   HIGHEST GUST DIRECTION    NW (310)
  AVERAGE WIND SPEED     6.9


SKY COVER
  AVERAGE SKY COVER 0.8


WEATHER CONDITIONS
THE FOLLOWING WEATHER WAS RECORDED YESTERDAY.
  THUNDERSTORM
  HEAVY RAIN
  LIGHT RAIN
  FOG


RELATIVE HUMIDITY (PERCENT)
 HIGHEST    97           6:00 AM
 LOWEST     65           3:00 PM
 AVERAGE    81

..........................................................


THE HOLLAND CLIMATE NORMALS FOR TODAY
                         NORMAL    RECORD    YEAR
 MAXIMUM TEMPERATURE (F)   70        90      2017
 MINIMUM TEMPERATURE (F)   49        30      1947
                                             1966


SUNRISE AND SUNSET
SEPTEMBER 26 2022.....SUNRISE   7:36 AM EDT   SUNSET   7:35 PM EDT
SEPTEMBER 27 2022.....SUNRISE   7:37 AM EDT   SUNSET   7:33 PM EDT


-  INDICATES NEGATIVE NUMBERS.
R  INDICATES RECORD WAS SET OR TIED.
MM INDICATES DATA IS MISSING.
T  INDICATES TRACE AMOUNT.




$$
