000
CDUS41 KRLX 010751
CLIBKW

CLIMATE REPORT
NATIONAL WEATHER SERVICE CHARLESTON WV
351 AM EDT SAT OCT 01 2022

...................................

...THE BECKLEY WV CLIMATE SUMMARY FOR SEPTEMBER 30 2022...

CLIMATE NORMAL PERIOD: 1991 TO 2020
CLIMATE RECORD PERIOD: 1893 TO 2022


WEATHER ITEM   OBSERVED TIME   RECORD YEAR NORMAL DEPARTURE LAST
                VALUE   (LST)  VALUE       VALUE  FROM      YEAR
                                                  NORMAL
...................................................................
TEMPERATURE (F)
 YESTERDAY
  MAXIMUM         57  11:47 AM  92    1953  70    -13       73
  MINIMUM         42   4:15 AM  25    1935  50     -8       48
  AVERAGE         50                        60    -10       61

PRECIPITATION (IN)
  YESTERDAY        0.66          1.39 1964   0.10   0.56     0.00
  MONTH TO DATE    2.45                      3.20  -0.75     2.38
  SINCE SEP 1      2.45                      3.20  -0.75     2.38
  SINCE JAN 1     38.78                     34.72   4.06    35.24

SNOWFALL (IN)
  YESTERDAY        0.0           0.0  2016   0.0    0.0      0.0
  MONTH TO DATE    0.0                       0.0    0.0      0.0
  SINCE SEP 1      0.0                       0.0    0.0      0.0
  SINCE JUL 1      0.0                       0.0    0.0      0.0
  SNOW DEPTH       0

DEGREE DAYS
 HEATING
  YESTERDAY       15                         6      9        4
  MONTH TO DATE  115                        87     28       69
  SINCE SEP 1    115                        87     28       69
  SINCE JUL 1    116                       102     14       73

 COOLING
  YESTERDAY        0                         1     -1        0
  MONTH TO DATE   53                        76    -23       61
  SINCE SEP 1     53                        76    -23       61
  SINCE JAN 1    694                       654     40      733
...................................................................


WIND (MPH)
  HIGHEST WIND SPEED    15   HIGHEST WIND DIRECTION     N (350)
  HIGHEST GUST SPEED    21   HIGHEST GUST DIRECTION     E (90)
  AVERAGE WIND SPEED     7.3


SKY COVER
  AVERAGE SKY COVER 0.4


WEATHER CONDITIONS
THE FOLLOWING WEATHER WAS RECORDED YESTERDAY.
  HEAVY RAIN
  RAIN
  LIGHT RAIN
  FOG
  FOG W/VISIBILITY <= 1/4 MILE


RELATIVE HUMIDITY (PERCENT)
 HIGHEST   100
 LOWEST     57
 AVERAGE    79

..........................................................


THE BECKLEY WV CLIMATE NORMALS FOR TODAY
                         NORMAL    RECORD    YEAR
 MAXIMUM TEMPERATURE (F)   69        91      2019
 MINIMUM TEMPERATURE (F)   50        27      1930


SUNRISE AND SUNSET
OCTOBER  1 2022.......SUNRISE   7:20 AM EDT   SUNSET   7:07 PM EDT
OCTOBER  2 2022.......SUNRISE   7:21 AM EDT   SUNSET   7:06 PM EDT


-  INDICATES NEGATIVE NUMBERS.
R  INDICATES RECORD WAS SET OR TIED.
MM INDICATES DATA IS MISSING.
T  INDICATES TRACE AMOUNT.




$$
