000
CDUS41 KRNK 052105
CLIBLF

CLIMATE REPORT
NATIONAL WEATHER SERVICE BLACKSBURG, VA
505 PM EDT WED OCT 05 2022

...................................

...THE BLUEFIELD WV CLIMATE SUMMARY FOR OCTOBER 5 2022...
VALID TODAY AS OF 0500 PM LOCAL TIME.

CLIMATE NORMAL PERIOD: 1991 TO 2020
CLIMATE RECORD PERIOD: 1909 TO 2022


WEATHER ITEM   OBSERVED TIME   RECORD YEAR NORMAL DEPARTURE LAST
                VALUE   (LST)  VALUE       VALUE  FROM      YEAR
                                                  NORMAL
...................................................................
TEMPERATURE (F)
 TODAY
  MAXIMUM         63   3:19 PM  84    1919  66     -3       72
                                      2013
  MINIMUM         39   6:36 AM  31    1935  48     -9       57
  AVERAGE         51                        57     -6       65

PRECIPITATION (IN)
  TODAY            0.00          3.18 1995   0.10  -0.10     0.03
  MONTH TO DATE    1.51                      0.48   1.03     0.15
  SINCE SEP 1      5.62                      3.72   1.90     2.39
  SINCE JAN 1     41.37                     33.38   7.99    27.92

SNOWFALL (IN)
  TODAY            0.0                       0.0    0.0      0.0
  MONTH TO DATE    0.0                       0.0    0.0      0.0
  SINCE SEP 1      0.0                       0.0    0.0      0.0
  SINCE JUL 1      0.0                       0.0    0.0      0.0
  SNOW DEPTH       0

DEGREE DAYS
 HEATING
  TODAY           14                         8      6        0
  MONTH TO DATE   82                        38     44        7
  SINCE SEP 1    218                       139     79       83
  SINCE JUL 1    223                       160     63       91

 COOLING
  TODAY            0                         0      0        0
  MONTH TO DATE    0                         3     -3        1
  SINCE SEP 1     34                        59    -25       50
  SINCE JAN 1    564                       532     32      606
...................................................................


WIND (MPH)
  RESULTANT WIND SPEED   6   RESULTANT WIND DIRECTION   W (270)
  HIGHEST WIND SPEED    14   HIGHEST WIND DIRECTION     W (280)
  HIGHEST GUST SPEED    19   HIGHEST GUST DIRECTION     W (290)
  AVERAGE WIND SPEED     7.8


SKY COVER
  AVERAGE SKY COVER 0.1


WEATHER CONDITIONS
THE FOLLOWING WEATHER WAS RECORDED TODAY.
  NO SIGNIFICANT WEATHER WAS OBSERVED.


RELATIVE HUMIDITY (PERCENT)
 HIGHEST    79           4:00 AM
 LOWEST     39           2:00 PM
 AVERAGE    59

..........................................................


THE BLUEFIELD WV CLIMATE NORMALS FOR TOMORROW
                         NORMAL    RECORD    YEAR
 MAXIMUM TEMPERATURE (F)   66        87      1941
 MINIMUM TEMPERATURE (F)   48        30      1980


SUNRISE AND SUNSET
OCTOBER  5 2022.......SUNRISE   7:24 AM EDT   SUNSET   7:02 PM EDT
OCTOBER  6 2022.......SUNRISE   7:25 AM EDT   SUNSET   7:01 PM EDT


-  INDICATES NEGATIVE NUMBERS.
R  INDICATES RECORD WAS SET OR TIED.
MM INDICATES DATA IS MISSING.
T  INDICATES TRACE AMOUNT.


REMARKS:
DUE TO EQUIPMENT FAILURE ON JANUARY 9-10 AND AUGUST 16-17, 2022, ALL
INFORMATION WILL BE CALCULATED WITHOUT DATA FROM THESE DATES.


$$

PW
