000
CDUS46 KSEW 020827
CLIBLI

CLIMATE REPORT
NATIONAL WEATHER SERVICE SEATTLE
127 AM PDT SUN OCT 02 2022

...................................

...THE BELLINGHAM WA AIRPORT CLIMATE SUMMARY FOR OCTOBER 1 2022...

CLIMATE NORMAL PERIOD 1991 TO 2020
CLIMATE RECORD PERIOD 1949 TO 2022


WEATHER ITEM   OBSERVED TIME   RECORD YEAR NORMAL DEPARTURE LAST
                VALUE   (LST)  VALUE       VALUE  FROM      YEAR
                                                  NORMAL
...................................................................
TEMPERATURE (F)
 YESTERDAY
  MAXIMUM         72    402 PM  78    1987  64      8       61
  MINIMUM         45    556 AM  30    1950  46     -1       44
  AVERAGE         59                        55      4       53

PRECIPITATION (IN)
  YESTERDAY        0.00          1.34 1981   0.08  -0.08     0.00
  MONTH TO DATE    0.00                      0.08  -0.08     0.00
  SINCE OCT 1      0.00                      0.08  -0.08     0.00
  SINCE JAN 1     15.19                     21.41  -6.22    19.58

DEGREE DAYS
 HEATING
  YESTERDAY        6                        10     -4       12
  MONTH TO DATE    6                        10     -4       12
  SINCE SEP 1    113                       199    -86      176
  SINCE JUL 1    158                       331   -173      262

 COOLING
  YESTERDAY        0                         0      0        0
  MONTH TO DATE    0                         0      0        0
  SINCE SEP 1      1                         4     -3        5
  SINCE JAN 1    168                        75     93      205
...................................................................


WIND (MPH)
  RESULTANT WIND SPEED   1   RESULTANT WIND DIRECTION   W (290)
  HIGHEST WIND SPEED     9   HIGHEST WIND DIRECTION     W (250)
  HIGHEST GUST SPEED    14   HIGHEST GUST DIRECTION    SW (240)
  AVERAGE WIND SPEED     1.9


SKY COVER
  AVERAGE SKY COVER 0.3


WEATHER CONDITIONS
THE FOLLOWING WEATHER WAS RECORDED YESTERDAY.
  FOG
  FOG W/VISIBILITY <= 1/4 MILE


RELATIVE HUMIDITY (PERCENT)
 HIGHEST   100          1200 AM
 LOWEST     61          1100 AM
 AVERAGE    81

..........................................................


THE BELLINGHAM WA AIRPORT CLIMATE NORMALS FOR TODAY
                         NORMAL    RECORD    YEAR
 MAXIMUM TEMPERATURE (F)   63        73      1993
 MINIMUM TEMPERATURE (F)   46        27      1950


SUNRISE AND SUNSET
OCTOBER  2 2022.......SUNRISE   711 AM PDT   SUNSET   647 PM PDT
OCTOBER  3 2022.......SUNRISE   713 AM PDT   SUNSET   644 PM PDT


-  INDICATES NEGATIVE NUMBERS.
R  INDICATES RECORD WAS SET OR TIED.
MM INDICATES DATA IS MISSING.
T  INDICATES TRACE AMOUNT.




$$
