000
CDUS43 KIND 010531
CLIBMG

CLIMATE REPORT
NATIONAL WEATHER SERVICE INDIANAPOLIS IN
131 AM EDT SAT OCT 01 2022

...................................

...THE BLOOMINGTON IN CLIMATE SUMMARY FOR SEPTEMBER 30 2022...

CLIMATE NORMAL PERIOD 1991 TO 2020
CLIMATE RECORD PERIOD 9999 TO 9999


WEATHER ITEM   OBSERVED TIME   NORMAL DEPARTURE LAST
                VALUE   (LST)  VALUE  FROM      YEAR
                                      NORMAL
.......................................................
TEMPERATURE (F)
 YESTERDAY
  MAXIMUM         70    600 PM  73     -3       84
  MINIMUM         44        MM  49     -5       61
  AVERAGE         57            61     -4       73

PRECIPITATION (IN)
  YESTERDAY        0.00          0.12  -0.12     0.00
  MONTH TO DATE    3.66          3.60   0.06     4.83
  SINCE SEP 1      3.66          3.60   0.06     4.83
  SINCE JAN 1     33.91         36.20  -2.29    33.46

DEGREE DAYS
 HEATING
  YESTERDAY        8             5      3        0
  MONTH TO DATE   65            69     -4       28
  SINCE SEP 1     65            69     -4       28
  SINCE JUL 1     65            75    -10       28

 COOLING
  YESTERDAY        0             2     -2        8
  MONTH TO DATE  153           113     40      171
  SINCE SEP 1    153           113     40      171
  SINCE JAN 1   1307          1005    302     1210
.......................................................


WIND (MPH)
  HIGHEST WIND SPEED    12   HIGHEST WIND DIRECTION     N (20)
  HIGHEST GUST SPEED    12   HIGHEST GUST DIRECTION     E (90)
  AVERAGE WIND SPEED     6.9


SKY COVER
  AVERAGE SKY COVER 0.0


WEATHER CONDITIONS
THE FOLLOWING WEATHER WAS RECORDED YESTERDAY.
  NO SIGNIFICANT WEATHER WAS OBSERVED.


RELATIVE HUMIDITY (PERCENT)
 HIGHEST    90           700 AM
 LOWEST     74           100 AM
 AVERAGE    82

..........................................................


THE BLOOMINGTON IN CLIMATE NORMALS FOR TODAY
                         NORMAL    RECORD    YEAR
 MAXIMUM TEMPERATURE (F)   73        MM        MM
 MINIMUM TEMPERATURE (F)   49        MM        MM


SUNRISE AND SUNSET
OCTOBER  1 2022.......SUNRISE   742 AM EDT   SUNSET   729 PM EDT
OCTOBER  2 2022.......SUNRISE   743 AM EDT   SUNSET   727 PM EDT


-  INDICATES NEGATIVE NUMBERS.
R  INDICATES RECORD WAS SET OR TIED.
MM INDICATES DATA IS MISSING.
T  INDICATES TRACE AMOUNT.




$$
