000
CDUS44 KOHX 020649
CLIBNA

CLIMATE REPORT
NATIONAL WEATHER SERVICE NASHVILLE, TN
149 AM CDT SUN OCT 02 2022

...................................

...THE NASHVILLE CLIMATE SUMMARY FOR OCTOBER 1 2022...

CLIMATE NORMAL PERIOD: 1991 TO 2020
CLIMATE RECORD PERIOD: 1871 TO 2022


WEATHER ITEM   OBSERVED TIME   RECORD YEAR NORMAL DEPARTURE
                VALUE   (LST)  VALUE       VALUE  FROM
                                                  NORMAL
................................................................
TEMPERATURE (F)
 YESTERDAY
  MAXIMUM         80   2:43 PM  98    2019  79      1
  MINIMUM         50   5:56 AM  36    1924  56     -6
  AVERAGE         65                        68     -3

PRECIPITATION (IN)
  YESTERDAY        0.00          1.28 2012   0.12  -0.12
  MONTH TO DATE    0.00                      0.12  -0.12
  SINCE JAN 1     43.18                     38.98   4.20

SNOWFALL (IN)
  YESTERDAY        0.0           0.0  2000
                                      2001
                                      2002
  MONTH TO DATE    0.0
  SINCE SEP 1      0.0
  SINCE JUL 1      0.0

DEGREE DAYS
 HEATING
  YESTERDAY        0                               -2
  MONTH TO DATE    0                               -2
  SINCE SEP 1     12                               -4
  SINCE JUL 1     12                               -4

 COOLING
  YESTERDAY        0                               -4
  MONTH TO DATE    0                               -4
  SINCE SEP 1    272                               11
  SINCE JAN 1   2124                              316
................................................................


WIND (MPH)
  HIGHEST WIND SPEED    16   HIGHEST WIND DIRECTION     N (350)
  HIGHEST GUST SPEED    30   HIGHEST GUST DIRECTION    NE (40)
  AVERAGE WIND SPEED     8.6


RELATIVE HUMIDITY (PERCENT)
 HIGHEST    66
 LOWEST     23

..........................................................


THE NASHVILLE CLIMATE NORMALS FOR TODAY
                         NORMAL    RECORD    YEAR
 MAXIMUM TEMPERATURE (F)   79        99      2019
 MINIMUM TEMPERATURE (F)   56        32      1984


SUNRISE AND SUNSET
OCTOBER  2 2022.......SUNRISE   6:43 AM CDT   SUNSET   6:29 PM CDT
OCTOBER  3 2022.......SUNRISE   6:43 AM CDT   SUNSET   6:27 PM CDT


-  INDICATES NEGATIVE NUMBERS.
R  INDICATES RECORD WAS SET OR TIED.
MM INDICATES DATA IS MISSING.
T  INDICATES TRACE AMOUNT.




$$
