000
CDUS45 KBOI 010131
CLIBOI

CLIMATE REPORT
NATIONAL WEATHER SERVICE BOISE ID
731 PM MDT FRI SEP 30 2022

...................................

...THE BOISE ID CLIMATE SUMMARY FOR SEPTEMBER 30 2022...
VALID TODAY AS OF 0600 PM LOCAL TIME.

CLIMATE NORMAL PERIOD 1991 TO 2020
CLIMATE RECORD PERIOD 1875 TO 2022


WEATHER ITEM   OBSERVED TIME   RECORD YEAR NORMAL DEPARTURE LAST
                VALUE   (LST)  VALUE       VALUE  FROM      YEAR
                                                  NORMAL
...................................................................
TEMPERATURE (F)
 TODAY
  MAXIMUM         72    358 PM  96    1992  74     -2       72
  MINIMUM         48    349 AM  29    1954  48      0       42
  AVERAGE         60                        61     -1       57

PRECIPITATION (IN)
  TODAY            T             0.61 1983   0.02  -0.02     0.00
  MONTH TO DATE    0.24                      0.43  -0.19     0.37
  SINCE OCT 1     11.06                     11.51  -0.45    10.43
  SINCE JAN 1      6.52                      7.98  -1.46     7.72

DEGREE DAYS
 HEATING
  TODAY            5                         6     -1        8
  MONTH TO DATE   13                        81    -68       59
  SINCE SEP 1     13                        81    -68       59
  SINCE JUL 1     13                        94    -81       59

 COOLING
  TODAY            0                         1     -1        0
  MONTH TO DATE  206                       119     87      112
  SINCE SEP 1    206                       119     87      112
  SINCE JAN 1   1390                      1034    356     1386
...................................................................


WIND (MPH)
  HIGHEST WIND SPEED    22   HIGHEST WIND DIRECTION    NW (300)
  HIGHEST GUST SPEED    31   HIGHEST GUST DIRECTION     W (290)
  AVERAGE WIND SPEED     7.5


RELATIVE HUMIDITY (PERCENT)
 HIGHEST    71           700 AM
 LOWEST     31           400 PM
 AVERAGE    51

..........................................................


THE BOISE ID CLIMATE NORMALS FOR TOMORROW
                         NORMAL    RECORD    YEAR
 MAXIMUM TEMPERATURE (F)   73        94      1992
                                             1997
 MINIMUM TEMPERATURE (F)   47        28      1898


SUNRISE AND SUNSET
SEPTEMBER 30 2022.....SUNRISE   741 AM MDT   SUNSET   727 PM MDT
OCTOBER  1 2022.......SUNRISE   742 AM MDT   SUNSET   726 PM MDT


-  INDICATES NEGATIVE NUMBERS.
R  INDICATES RECORD WAS SET OR TIED.
MM INDICATES DATA IS MISSING.
T  INDICATES TRACE AMOUNT.




$$
