000
CDUS41 KBOX 060542
CLIBOS

CLIMATE REPORT
NATIONAL WEATHER SERVICE BOSTON/NORTON MA
142 AM EDT THU OCT 06 2022

...................................

...THE BOSTON MA CLIMATE SUMMARY FOR OCTOBER 5 2022...

CLIMATE NORMAL PERIOD 1991 TO 2020
CLIMATE RECORD PERIOD 1872 TO 2022


WEATHER ITEM   OBSERVED TIME   RECORD YEAR NORMAL DEPARTURE LAST
                VALUE   (LST)  VALUE       VALUE  FROM      YEAR
                                                  NORMAL
...................................................................
TEMPERATURE (F)
 YESTERDAY
  MAXIMUM         59   1159 PM  87    1922  66     -7       63
  MINIMUM         54    747 AM  28    1881  51      3       54
  AVERAGE         57                        59     -2       59

PRECIPITATION (IN)
  YESTERDAY        0.44          4.00 1877   0.12   0.32     0.30
  MONTH TO DATE    0.92                      0.62   0.30     1.51
  SINCE SEP 1      3.52                      4.18  -0.66     8.98
  SINCE JAN 1     21.45                     32.22 -10.77    44.94

SNOWFALL (IN)
  YESTERDAY        0.0           0.0  2007   0.0    0.0      0.0
                                      2008
                                      2009
  MONTH TO DATE    0.0                       0.0    0.0      0.0
  SINCE SEP 1      0.0                       0.0    0.0      0.0
  SINCE JUL 1      0.0                       0.0    0.0      0.0

DEGREE DAYS
 HEATING
  YESTERDAY        8                         7      1        6
  MONTH TO DATE   48                        32     16       19
  SINCE SEP 1    105                       103      2       31
  SINCE JUL 1    105                       112     -7       40

 COOLING
  YESTERDAY        0                         1     -1        0
  MONTH TO DATE    0                         5     -5        0
  SINCE SEP 1     71                        96    -25      156
  SINCE JAN 1   1021                       796    225     1132
...................................................................


WIND (MPH)
  RESULTANT WIND SPEED  14   RESULTANT WIND DIRECTION   N (10)
  HIGHEST WIND SPEED    21   HIGHEST WIND DIRECTION     N (20)
  HIGHEST GUST SPEED    26   HIGHEST GUST DIRECTION     N (20)
  AVERAGE WIND SPEED    13.2


SKY COVER
  POSSIBLE SUNSHINE  MM
  AVERAGE SKY COVER 1.0


WEATHER CONDITIONS
THE FOLLOWING WEATHER WAS RECORDED YESTERDAY.
  HEAVY RAIN
  RAIN
  LIGHT RAIN
  FOG


RELATIVE HUMIDITY (PERCENT)
 HIGHEST   100          1100 PM
 LOWEST     90           100 PM
 AVERAGE    95

..........................................................


THE BOSTON MA CLIMATE NORMALS FOR TODAY
                         NORMAL    RECORD    YEAR
 MAXIMUM TEMPERATURE (F)   66        86      1946
                                             1990
 MINIMUM TEMPERATURE (F)   51        31      1883


SUNRISE AND SUNSET
OCTOBER  6 2022.......SUNRISE   647 AM EDT   SUNSET   617 PM EDT
OCTOBER  7 2022.......SUNRISE   648 AM EDT   SUNSET   615 PM EDT


-  INDICATES NEGATIVE NUMBERS.
R  INDICATES RECORD WAS SET OR TIED.
MM INDICATES DATA IS MISSING.
T  INDICATES TRACE AMOUNT.




$$
