000
CDUS45 KRIW 260731
CLIBPI

CLIMATE REPORT
NATIONAL WEATHER SERVICE RIVERTON WY
131 AM MDT MON SEP 26 2022

...................................

...THE BIG PINEY  WY CLIMATE SUMMARY FOR SEPTEMBER 25 2022...

CLIMATE NORMAL PERIOD: 1991 TO 2020
CLIMATE RECORD PERIOD: 1976 TO 2022


WEATHER ITEM   OBSERVED TIME   RECORD YEAR NORMAL DEPARTURE LAST
                VALUE   (LST)  VALUE       VALUE  FROM      YEAR
                                                  NORMAL
...................................................................
TEMPERATURE (F)
 YESTERDAY
  MAXIMUM         71   4:10 PM  83    2001  66      5       76
  MINIMUM         34   6:14 AM  11    1984  29      5       30
  AVERAGE         53                        47      6

PRECIPITATION (IN)
  YESTERDAY        0.00          0.67 1984   0.02  -0.02     0.00
  MONTH TO DATE    1.28                      0.53   0.75     0.29
  SINCE SEP 1      1.28                      0.53   0.75     0.29
  SINCE JAN 1      4.08                      6.44  -2.36     2.78

DEGREE DAYS
 HEATING
  YESTERDAY       12                        18     -6       12
  MONTH TO DATE  224                       333   -109      281
  SINCE SEP 1    224                       333   -109      281
  SINCE JUL 1    295                       609   -314      440

 COOLING
  YESTERDAY        0                         0      0        0
  MONTH TO DATE    7                         0      7        0
  SINCE SEP 1      7                         0      7        0
  SINCE JAN 1     67                        30     37      107
...................................................................


WIND (MPH)
  HIGHEST WIND SPEED    12   HIGHEST WIND DIRECTION     E (70)
  HIGHEST GUST SPEED    14   HIGHEST GUST DIRECTION     E (70)
  AVERAGE WIND SPEED     3.9


SKY COVER
  POSSIBLE SUNSHINE  MM
  AVERAGE SKY COVER 0.0


WEATHER CONDITIONS
THE FOLLOWING WEATHER WAS RECORDED YESTERDAY.
  NO SIGNIFICANT WEATHER WAS OBSERVED.


RELATIVE HUMIDITY (PERCENT)
 HIGHEST    79          11:00 PM
 LOWEST     26           2:00 PM
 AVERAGE    53

..........................................................


THE BIG PINEY  WY CLIMATE NORMALS FOR TODAY
                         NORMAL    RECORD    YEAR
 MAXIMUM TEMPERATURE (F)   65        82      2010
                                             2015
 MINIMUM TEMPERATURE (F)   29        14      1984


SUNRISE AND SUNSET
SEPTEMBER 26 2022.....SUNRISE   7:12 AM MDT   SUNSET   7:10 PM MDT
SEPTEMBER 27 2022.....SUNRISE   7:13 AM MDT   SUNSET   7:09 PM MDT


-  INDICATES NEGATIVE NUMBERS.
R  INDICATES RECORD WAS SET OR TIED.
MM INDICATES DATA IS MISSING.
T  INDICATES TRACE AMOUNT.




$$
