000
CDUS44 KLCH 060824
CLIBPT

CLIMATE REPORT
NATIONAL WEATHER SERVICE LAKE CHARLES, LA
324 AM CDT THU OCT 06 2022

...................................

...THE BEAUMONT PORT ARTHUR CLIMATE SUMMARY FOR OCTOBER 5 2022...

CLIMATE NORMAL PERIOD: 1991 TO 2020
CLIMATE RECORD PERIOD: 1901 TO 2022


WEATHER ITEM   OBSERVED TIME   RECORD YEAR NORMAL DEPARTURE LAST
                VALUE   (LST)  VALUE       VALUE  FROM      YEAR
                                                  NORMAL
...................................................................
TEMPERATURE (F)
 YESTERDAY
  MAXIMUM         87   2:58 PM  95    1925  86      1       87
  MINIMUM         60   6:31 AM  48    1961  65     -5       64
                                      1979
                                      1987
  AVERAGE         74                        75     -1       76

PRECIPITATION (IN)
  YESTERDAY        0.00          2.64 2009   0.18  -0.18     0.00
  MONTH TO DATE    0.00                      0.98  -0.98     1.20
  SINCE SEP 1      0.53                      7.67  -7.14    11.44
  SINCE JAN 1     31.12                     48.77 -17.65    57.53

SNOWFALL (IN)
  YESTERDAY        0.0           0.0    MM  MM     MM        0.0
  MONTH TO DATE    0.0                       0.0    0.0      0.0
  SINCE SEP 1      0.0                      MM     MM        0.0
  SINCE JUL 1      0.0                      MM     MM        0.0
  SNOW DEPTH      MM

DEGREE DAYS
 HEATING
  YESTERDAY        0                         0      0        0
  MONTH TO DATE    0                         0      0        0
  SINCE SEP 1      0                         0      0        0
  SINCE JUL 1      0                         0      0        0

 COOLING
  YESTERDAY        9                        10     -1       11
  MONTH TO DATE   34                        55    -21       61
  SINCE SEP 1    487                       507    -20      455
  SINCE JAN 1   2992                      2808    184     2670
...................................................................


WIND (MPH)
  HIGHEST WIND SPEED    10   HIGHEST WIND DIRECTION     S (180)
  HIGHEST GUST SPEED    15   HIGHEST GUST DIRECTION     S (170)
  AVERAGE WIND SPEED     3.9


SKY COVER
  POSSIBLE SUNSHINE  MM
  AVERAGE SKY COVER 0.0


WEATHER CONDITIONS
THE FOLLOWING WEATHER WAS RECORDED YESTERDAY.
  FOG


RELATIVE HUMIDITY (PERCENT)
 HIGHEST   100          11:00 PM
 LOWEST     37           3:00 PM
 AVERAGE    69

..........................................................


THE BEAUMONT PORT ARTHUR CLIMATE NORMALS FOR TODAY
                         NORMAL    RECORD    YEAR
 MAXIMUM TEMPERATURE (F)   85        96      1925
 MINIMUM TEMPERATURE (F)   65        44      1964


SUNRISE AND SUNSET
OCTOBER  6 2022.......SUNRISE   7:12 AM CDT   SUNSET   6:55 PM CDT
OCTOBER  7 2022.......SUNRISE   7:13 AM CDT   SUNSET   6:54 PM CDT


-  INDICATES NEGATIVE NUMBERS.
R  INDICATES RECORD WAS SET OR TIED.
MM INDICATES DATA IS MISSING.
T  INDICATES TRACE AMOUNT.




$$
