000
CDUS43 KDVN 010646
CLIBRL

CLIMATE REPORT
NATIONAL WEATHER SERVICE QUAD CITIES IA IL
146 AM CDT SAT OCT 01 2022

...................................

...THE BURLINGTON IA CLIMATE SUMMARY FOR SEPTEMBER 30 2022...

CLIMATE NORMAL PERIOD 1991 TO 2020
CLIMATE RECORD PERIOD 1897 TO 2022


WEATHER ITEM   OBSERVED TIME   RECORD YEAR NORMAL DEPARTURE LAST
                VALUE   (LST)  VALUE       VALUE  FROM      YEAR
                                                  NORMAL
...................................................................
TEMPERATURE (F)
 YESTERDAY
  MAXIMUM         71    400 PM  91    1897  72     -1       86
                                      1994
  MINIMUM         41    150 AM  23    1899  50     -9       62
  AVERAGE         56                        61     -5       74

PRECIPITATION (IN)
  YESTERDAY        0.00          1.23 1995   0.10  -0.10     0.00
  MONTH TO DATE    5.13                      3.53   1.60     2.57
  SINCE SEP 1      5.13                      3.53   1.60     2.57
  SINCE JAN 1     22.81                     30.61  -7.80    33.85

DEGREE DAYS
 HEATING
  YESTERDAY        9                         6      3        0
  MONTH TO DATE   74                        79     -5       16
  SINCE SEP 1     74                        79     -5       16
  SINCE JUL 1     74                        85    -11       16

 COOLING
  YESTERDAY        0                         2     -2        9
  MONTH TO DATE  133                       127      6      176
  SINCE SEP 1    133                       127      6      176
  SINCE JAN 1   1133                      1063     70     1168
...................................................................


WIND (MPH)
  HIGHEST WIND SPEED    10   HIGHEST WIND DIRECTION    SE (150)
  HIGHEST GUST SPEED    16   HIGHEST GUST DIRECTION    SE (150)
  AVERAGE WIND SPEED     4.7


SKY COVER
  POSSIBLE SUNSHINE  MM
  AVERAGE SKY COVER 0.0


WEATHER CONDITIONS
THE FOLLOWING WEATHER WAS RECORDED YESTERDAY.
  HAZE


RELATIVE HUMIDITY (PERCENT)
 HIGHEST    89           200 AM
 LOWEST     38           200 PM
 AVERAGE    64

..........................................................


THE BURLINGTON IA CLIMATE NORMALS FOR TODAY
                         NORMAL    RECORD    YEAR
 MAXIMUM TEMPERATURE (F)   72        93      1897
 MINIMUM TEMPERATURE (F)   50        30      2003


SUNRISE AND SUNSET
OCTOBER  1 2022.......SUNRISE   701 AM CDT   SUNSET   646 PM CDT
OCTOBER  2 2022.......SUNRISE   702 AM CDT   SUNSET   645 PM CDT


-  INDICATES NEGATIVE NUMBERS.
R  INDICATES RECORD WAS SET OR TIED.
MM INDICATES DATA IS MISSING.
T  INDICATES TRACE AMOUNT.




$$
